[INFO] fetching crate vterm-sys 0.1.0...
[INFO] building vterm-sys-0.1.0 against master#ff34b919075f35a1787659e9c448a34b06bab8de for issue-85264
[INFO] extracting crate vterm-sys 0.1.0 into /workspace/builds/worker-1/source
[INFO] validating manifest of crates.io crate vterm-sys 0.1.0 on toolchain ff34b919075f35a1787659e9c448a34b06bab8de
[INFO] running `Command { std: "/workspace/cargo-home/bin/cargo" "+ff34b919075f35a1787659e9c448a34b06bab8de" "metadata" "--manifest-path" "Cargo.toml" "--no-deps", kill_on_drop: false }`
[INFO] started tweaking crates.io crate vterm-sys 0.1.0
[INFO] finished tweaking crates.io crate vterm-sys 0.1.0
[INFO] tweaked toml for crates.io crate vterm-sys 0.1.0 written to /workspace/builds/worker-1/source/Cargo.toml
[INFO] running `Command { std: "/workspace/cargo-home/bin/cargo" "+ff34b919075f35a1787659e9c448a34b06bab8de" "generate-lockfile" "--manifest-path" "Cargo.toml" "-Zno-index-update", kill_on_drop: false }`
[INFO] [stderr]     Blocking waiting for file lock on package cache
[INFO] running `Command { std: "/workspace/cargo-home/bin/cargo" "+ff34b919075f35a1787659e9c448a34b06bab8de" "fetch" "--manifest-path" "Cargo.toml", kill_on_drop: false }`
[INFO] [stderr]     Blocking waiting for file lock on package cache
[INFO] [stderr]     Blocking waiting for file lock on package cache
[INFO] [stderr]  Downloading crates ...
[INFO] [stderr]   Downloaded strsim v0.5.2
[INFO] [stderr]   Downloaded serde v0.7.15
[INFO] [stderr]   Downloaded termios v0.2.2
[INFO] [stderr]   Downloaded docopt v0.6.86
[INFO] [stderr]   Downloaded heapsize v0.3.9
[INFO] [stderr]   Downloaded euclid v0.6.8
[INFO] [stderr]   Downloaded pty v0.1.6
[INFO] [stderr]   Downloaded term v0.2.14
[INFO] [stderr]   Downloaded libc v0.1.12
[INFO] [stderr]   Downloaded bitflags v0.3.3
[INFO] [stderr]   Downloaded nix v0.4.3
[INFO] running `Command { std: "docker" "create" "-v" "/var/lib/crater-agent-workspace/builds/worker-1/target:/opt/rustwide/target:rw,Z" "-v" "/var/lib/crater-agent-workspace/builds/worker-1/source:/opt/rustwide/workdir:ro,Z" "-v" "/var/lib/crater-agent-workspace/cargo-home:/opt/rustwide/cargo-home:ro,Z" "-v" "/var/lib/crater-agent-workspace/rustup-home:/opt/rustwide/rustup-home:ro,Z" "-e" "SOURCE_DIR=/opt/rustwide/workdir" "-e" "CARGO_TARGET_DIR=/opt/rustwide/target" "-e" "CARGO_HOME=/opt/rustwide/cargo-home" "-e" "RUSTUP_HOME=/opt/rustwide/rustup-home" "-w" "/opt/rustwide/workdir" "-m" "1610612736" "--user" "0:0" "--network" "none" "ghcr.io/rust-lang/crates-build-env/linux@sha256:20528e8c29e4536546f0102ce88568b16ea7538393a33fcca951030f7af10457" "/opt/rustwide/cargo-home/bin/cargo" "+ff34b919075f35a1787659e9c448a34b06bab8de" "metadata" "--no-deps" "--format-version=1", kill_on_drop: false }`
[INFO] [stdout] 39d3c6cbc6dba22dc94ee3226566ee3903521275ea75d5b6d2da11eba9a247f2
[INFO] [stderr] WARNING: Your kernel does not support swap limit capabilities or the cgroup is not mounted. Memory limited without swap.
[INFO] running `Command { std: "docker" "start" "-a" "39d3c6cbc6dba22dc94ee3226566ee3903521275ea75d5b6d2da11eba9a247f2", kill_on_drop: false }`
[INFO] running `Command { std: "docker" "inspect" "39d3c6cbc6dba22dc94ee3226566ee3903521275ea75d5b6d2da11eba9a247f2", kill_on_drop: false }`
[INFO] running `Command { std: "docker" "rm" "-f" "39d3c6cbc6dba22dc94ee3226566ee3903521275ea75d5b6d2da11eba9a247f2", kill_on_drop: false }`
[INFO] [stdout] 39d3c6cbc6dba22dc94ee3226566ee3903521275ea75d5b6d2da11eba9a247f2
[INFO] running `Command { std: "docker" "create" "-v" "/var/lib/crater-agent-workspace/builds/worker-1/target:/opt/rustwide/target:rw,Z" "-v" "/var/lib/crater-agent-workspace/builds/worker-1/source:/opt/rustwide/workdir:ro,Z" "-v" "/var/lib/crater-agent-workspace/cargo-home:/opt/rustwide/cargo-home:ro,Z" "-v" "/var/lib/crater-agent-workspace/rustup-home:/opt/rustwide/rustup-home:ro,Z" "-e" "SOURCE_DIR=/opt/rustwide/workdir" "-e" "CARGO_TARGET_DIR=/opt/rustwide/target" "-e" "CARGO_INCREMENTAL=0" "-e" "RUST_BACKTRACE=full" "-e" "RUSTFLAGS=--cap-lints=forbid" "-e" "CARGO_HOME=/opt/rustwide/cargo-home" "-e" "RUSTUP_HOME=/opt/rustwide/rustup-home" "-w" "/opt/rustwide/workdir" "-m" "1610612736" "--user" "0:0" "--network" "none" "ghcr.io/rust-lang/crates-build-env/linux@sha256:20528e8c29e4536546f0102ce88568b16ea7538393a33fcca951030f7af10457" "/opt/rustwide/cargo-home/bin/cargo" "+ff34b919075f35a1787659e9c448a34b06bab8de" "build" "--frozen" "--message-format=json", kill_on_drop: false }`
[INFO] [stdout] f89a6513bf8c0208fe3254fa3f3efe45ab18505f710295392afc1b8c92bf84cd
[INFO] [stderr] WARNING: Your kernel does not support swap limit capabilities or the cgroup is not mounted. Memory limited without swap.
[INFO] running `Command { std: "docker" "start" "-a" "f89a6513bf8c0208fe3254fa3f3efe45ab18505f710295392afc1b8c92bf84cd", kill_on_drop: false }`
[INFO] [stderr]    Compiling autocfg v1.0.1
[INFO] [stderr]    Compiling log v0.4.14
[INFO] [stderr]    Compiling heapsize v0.3.9
[INFO] [stderr]    Compiling cfg-if v1.0.0
[INFO] [stderr]    Compiling libc v0.2.95
[INFO] [stderr]    Compiling gcc v0.3.55
[INFO] [stderr]    Compiling serde v0.7.15
[INFO] [stderr]    Compiling num-traits v0.2.14
[INFO] [stderr]    Compiling log v0.3.9
[INFO] [stderr]    Compiling vterm-sys v0.1.0 (/opt/rustwide/workdir)
[INFO] [stdout] warning: use of deprecated type alias `gcc::Config`: gcc::Config has been renamed to gcc::Build
[INFO] [stdout]   --> build.rs:10:22
[INFO] [stdout]    |
[INFO] [stdout] 10 |     let mut config = gcc::Config::new();
[INFO] [stdout]    |                      ^^^^^^^^^^^
[INFO] [stdout]    |
[INFO] [stdout]    = note: `#[warn(deprecated)]` on by default
[INFO] [stdout] 
[INFO] [stdout] 
[INFO] [stdout] warning: use of deprecated associated function `gcc::Build::new`: crate has been renamed to `cc`, the `gcc` name is not maintained
[INFO] [stdout]   --> build.rs:10:22
[INFO] [stdout]    |
[INFO] [stdout] 10 |     let mut config = gcc::Config::new();
[INFO] [stdout]    |                      ^^^^^^^^^^^^^^^^
[INFO] [stdout] 
[INFO] [stdout] 
[INFO] [stdout] warning: 2 warnings emitted
[INFO] [stdout] 
[INFO] [stdout] 
[INFO] [stderr]    Compiling num-traits v0.1.43
[INFO] [stderr] warning: /opt/rustwide/workdir/vendor/libvterm/src/encoding.c: In function 'init_utf8':
[INFO] [stderr] warning: /opt/rustwide/workdir/vendor/libvterm/src/encoding.c:20:38: warning: unused parameter 'enc' [-Wunused-parameter]
[INFO] [stderr] warning:    20 | static void init_utf8(VTermEncoding *enc, void *data_)
[INFO] [stderr] warning:       |                       ~~~~~~~~~~~~~~~^~~
[INFO] [stderr] warning: /opt/rustwide/workdir/vendor/libvterm/src/encoding.c: In function 'decode_utf8':
[INFO] [stderr] warning: /opt/rustwide/workdir/vendor/libvterm/src/encoding.c:79:11: warning: this 'if' clause does not guard... [-Wmisleading-indentation]
[INFO] [stderr] warning:    79 |           if(data->this_cp <  0x0080) data->this_cp = UNICODE_INVALID; break;
[INFO] [stderr] warning:       |           ^~
[INFO] [stderr] warning: /opt/rustwide/workdir/vendor/libvterm/src/encoding.c:79:72: note: ...this statement, but the latter is misleadingly indented as if it were guarded by the 'if'
[INFO] [stderr] warning:    79 |           if(data->this_cp <  0x0080) data->this_cp = UNICODE_INVALID; break;
[INFO] [stderr] warning:       |                                                                        ^~~~~
[INFO] [stderr] warning: /opt/rustwide/workdir/vendor/libvterm/src/encoding.c:81:11: warning: this 'if' clause does not guard... [-Wmisleading-indentation]
[INFO] [stderr] warning:    81 |           if(data->this_cp <  0x0800) data->this_cp = UNICODE_INVALID; break;
[INFO] [stderr] warning:       |           ^~
[INFO] [stderr] warning: /opt/rustwide/workdir/vendor/libvterm/src/encoding.c:81:72: note: ...this statement, but the latter is misleadingly indented as if it were guarded by the 'if'
[INFO] [stderr] warning:    81 |           if(data->this_cp <  0x0800) data->this_cp = UNICODE_INVALID; break;
[INFO] [stderr] warning:       |                                                                        ^~~~~
[INFO] [stderr] warning: /opt/rustwide/workdir/vendor/libvterm/src/encoding.c:83:11: warning: this 'if' clause does not guard... [-Wmisleading-indentation]
[INFO] [stderr] warning:    83 |           if(data->this_cp < 0x10000) data->this_cp = UNICODE_INVALID; break;
[INFO] [stderr] warning:       |           ^~
[INFO] [stderr] warning: /opt/rustwide/workdir/vendor/libvterm/src/encoding.c:83:72: note: ...this statement, but the latter is misleadingly indented as if it were guarded by the 'if'
[INFO] [stderr] warning:    83 |           if(data->this_cp < 0x10000) data->this_cp = UNICODE_INVALID; break;
[INFO] [stderr] warning:       |                                                                        ^~~~~
[INFO] [stderr] warning: /opt/rustwide/workdir/vendor/libvterm/src/encoding.c:85:11: warning: this 'if' clause does not guard... [-Wmisleading-indentation]
[INFO] [stderr] warning:    85 |           if(data->this_cp < 0x200000) data->this_cp = UNICODE_INVALID; break;
[INFO] [stderr] warning:       |           ^~
[INFO] [stderr] warning: /opt/rustwide/workdir/vendor/libvterm/src/encoding.c:85:73: note: ...this statement, but the latter is misleadingly indented as if it were guarded by the 'if'
[INFO] [stderr] warning:    85 |           if(data->this_cp < 0x200000) data->this_cp = UNICODE_INVALID; break;
[INFO] [stderr] warning:       |                                                                         ^~~~~
[INFO] [stderr] warning: /opt/rustwide/workdir/vendor/libvterm/src/encoding.c:87:11: warning: this 'if' clause does not guard... [-Wmisleading-indentation]
[INFO] [stderr] warning:    87 |           if(data->this_cp < 0x4000000) data->this_cp = UNICODE_INVALID; break;
[INFO] [stderr] warning:       |           ^~
[INFO] [stderr] warning: /opt/rustwide/workdir/vendor/libvterm/src/encoding.c:87:74: note: ...this statement, but the latter is misleadingly indented as if it were guarded by the 'if'
[INFO] [stderr] warning:    87 |           if(data->this_cp < 0x4000000) data->this_cp = UNICODE_INVALID; break;
[INFO] [stderr] warning:       |                                                                          ^~~~~
[INFO] [stderr] warning: /opt/rustwide/workdir/vendor/libvterm/src/encoding.c:28:40: warning: unused parameter 'enc' [-Wunused-parameter]
[INFO] [stderr] warning:    28 | static void decode_utf8(VTermEncoding *enc, void *data_,
[INFO] [stderr] warning:       |                         ~~~~~~~~~~~~~~~^~~
[INFO] [stderr] warning: /opt/rustwide/workdir/vendor/libvterm/src/encoding.c: In function 'decode_usascii':
[INFO] [stderr] warning: /opt/rustwide/workdir/vendor/libvterm/src/encoding.c:157:43: warning: unused parameter 'enc' [-Wunused-parameter]
[INFO] [stderr] warning:   157 | static void decode_usascii(VTermEncoding *enc, void *data,
[INFO] [stderr] warning:       |                            ~~~~~~~~~~~~~~~^~~
[INFO] [stderr] warning: /opt/rustwide/workdir/vendor/libvterm/src/encoding.c:157:54: warning: unused parameter 'data' [-Wunused-parameter]
[INFO] [stderr] warning:   157 | static void decode_usascii(VTermEncoding *enc, void *data,
[INFO] [stderr] warning:       |                                                ~~~~~~^~~~
[INFO] [stderr] warning: /opt/rustwide/workdir/vendor/libvterm/src/encoding.c: In function 'decode_table':
[INFO] [stderr] warning: /opt/rustwide/workdir/vendor/libvterm/src/encoding.c:182:52: warning: unused parameter 'data' [-Wunused-parameter]
[INFO] [stderr] warning:   182 | static void decode_table(VTermEncoding *enc, void *data,
[INFO] [stderr] warning:       |                                              ~~~~~~^~~~
[INFO] [stderr] warning: /opt/rustwide/workdir/vendor/libvterm/src/keyboard.c:69:3: warning: missing initializer for field 'csinum' of 'keycodes_s' {aka 'struct <anonymous>'} [-Wmissing-field-initializers]
[INFO] [stderr] warning:    69 |   { KEYCODE_ENTER,   '\r'   }, // ENTER
[INFO] [stderr] warning:       |   ^
[INFO] [stderr] warning: /opt/rustwide/workdir/vendor/libvterm/src/keyboard.c:63:7: note: 'csinum' declared here
[INFO] [stderr] warning:    63 |   int csinum;
[INFO] [stderr] warning:       |       ^~~~~~
[INFO] [stderr] warning: /opt/rustwide/workdir/vendor/libvterm/src/keyboard.c:70:3: warning: missing initializer for field 'csinum' of 'keycodes_s' {aka 'struct <anonymous>'} [-Wmissing-field-initializers]
[INFO] [stderr] warning:    70 |   { KEYCODE_TAB,     '\t'   }, // TAB
[INFO] [stderr] warning:       |   ^
[INFO] [stderr] warning: /opt/rustwide/workdir/vendor/libvterm/src/keyboard.c:63:7: note: 'csinum' declared here
[INFO] [stderr] warning:    63 |   int csinum;
[INFO] [stderr] warning:       |       ^~~~~~
[INFO] [stderr] warning: /opt/rustwide/workdir/vendor/libvterm/src/keyboard.c:71:3: warning: missing initializer for field 'csinum' of 'keycodes_s' {aka 'struct <anonymous>'} [-Wmissing-field-initializers]
[INFO] [stderr] warning:    71 |   { KEYCODE_LITERAL, '\x7f' }, // BACKSPACE == ASCII DEL
[INFO] [stderr] warning:       |   ^
[INFO] [stderr] warning: /opt/rustwide/workdir/vendor/libvterm/src/keyboard.c:63:7: note: 'csinum' declared here
[INFO] [stderr] warning:    63 |   int csinum;
[INFO] [stderr] warning:       |       ^~~~~~
[INFO] [stderr] warning: /opt/rustwide/workdir/vendor/libvterm/src/keyboard.c:72:3: warning: missing initializer for field 'csinum' of 'keycodes_s' {aka 'struct <anonymous>'} [-Wmissing-field-initializers]
[INFO] [stderr] warning:    72 |   { KEYCODE_LITERAL, '\e'   }, // ESCAPE
[INFO] [stderr] warning:       |   ^
[INFO] [stderr] warning: /opt/rustwide/workdir/vendor/libvterm/src/keyboard.c:63:7: note: 'csinum' declared here
[INFO] [stderr] warning:    63 |   int csinum;
[INFO] [stderr] warning:       |       ^~~~~~
[INFO] [stderr] warning: /opt/rustwide/workdir/vendor/libvterm/src/keyboard.c:74:3: warning: missing initializer for field 'csinum' of 'keycodes_s' {aka 'struct <anonymous>'} [-Wmissing-field-initializers]
[INFO] [stderr] warning:    74 |   { KEYCODE_CSI_CURSOR, 'A' }, // UP
[INFO] [stderr] warning:       |   ^
[INFO] [stderr] warning: /opt/rustwide/workdir/vendor/libvterm/src/keyboard.c:63:7: note: 'csinum' declared here
[INFO] [stderr] warning:    63 |   int csinum;
[INFO] [stderr] warning:       |       ^~~~~~
[INFO] [stderr] warning: /opt/rustwide/workdir/vendor/libvterm/src/keyboard.c:75:3: warning: missing initializer for field 'csinum' of 'keycodes_s' {aka 'struct <anonymous>'} [-Wmissing-field-initializers]
[INFO] [stderr] warning:    75 |   { KEYCODE_CSI_CURSOR, 'B' }, // DOWN
[INFO] [stderr] warning:       |   ^
[INFO] [stderr] warning: /opt/rustwide/workdir/vendor/libvterm/src/keyboard.c:63:7: note: 'csinum' declared here
[INFO] [stderr] warning:    63 |   int csinum;
[INFO] [stderr] warning:       |       ^~~~~~
[INFO] [stderr] warning: /opt/rustwide/workdir/vendor/libvterm/src/keyboard.c:76:3: warning: missing initializer for field 'csinum' of 'keycodes_s' {aka 'struct <anonymous>'} [-Wmissing-field-initializers]
[INFO] [stderr] warning:    76 |   { KEYCODE_CSI_CURSOR, 'D' }, // LEFT
[INFO] [stderr] warning:       |   ^
[INFO] [stderr] warning: /opt/rustwide/workdir/vendor/libvterm/src/keyboard.c:63:7: note: 'csinum' declared here
[INFO] [stderr] warning:    63 |   int csinum;
[INFO] [stderr] warning:       |       ^~~~~~
[INFO] [stderr] warning: /opt/rustwide/workdir/vendor/libvterm/src/keyboard.c:77:3: warning: missing initializer for field 'csinum' of 'keycodes_s' {aka 'struct <anonymous>'} [-Wmissing-field-initializers]
[INFO] [stderr] warning:    77 |   { KEYCODE_CSI_CURSOR, 'C' }, // RIGHT
[INFO] [stderr] warning:       |   ^
[INFO] [stderr] warning: /opt/rustwide/workdir/vendor/libvterm/src/keyboard.c:63:7: note: 'csinum' declared here
[INFO] [stderr] warning:    63 |   int csinum;
[INFO] [stderr] warning:       |       ^~~~~~
[INFO] [stderr] warning: /opt/rustwide/workdir/vendor/libvterm/src/keyboard.c:81:3: warning: missing initializer for field 'csinum' of 'keycodes_s' {aka 'struct <anonymous>'} [-Wmissing-field-initializers]
[INFO] [stderr] warning:    81 |   { KEYCODE_CSI_CURSOR, 'H' }, // HOME
[INFO] [stderr] warning:       |   ^
[INFO] [stderr] warning: /opt/rustwide/workdir/vendor/libvterm/src/keyboard.c:63:7: note: 'csinum' declared here
[INFO] [stderr] warning:    63 |   int csinum;
[INFO] [stderr] warning:       |       ^~~~~~
[INFO] [stderr] warning: /opt/rustwide/workdir/vendor/libvterm/src/keyboard.c:82:3: warning: missing initializer for field 'csinum' of 'keycodes_s' {aka 'struct <anonymous>'} [-Wmissing-field-initializers]
[INFO] [stderr] warning:    82 |   { KEYCODE_CSI_CURSOR, 'F' }, // END
[INFO] [stderr] warning:       |   ^
[INFO] [stderr] warning: /opt/rustwide/workdir/vendor/libvterm/src/keyboard.c:63:7: note: 'csinum' declared here
[INFO] [stderr] warning:    63 |   int csinum;
[INFO] [stderr] warning:       |       ^~~~~~
[INFO] [stderr] warning: /opt/rustwide/workdir/vendor/libvterm/src/keyboard.c:89:3: warning: missing initializer for field 'csinum' of 'keycodes_s' {aka 'struct <anonymous>'} [-Wmissing-field-initializers]
[INFO] [stderr] warning:    89 |   { KEYCODE_CSI_CURSOR, 'P' }, // F1
[INFO] [stderr] warning:       |   ^
[INFO] [stderr] warning: /opt/rustwide/workdir/vendor/libvterm/src/keyboard.c:63:7: note: 'csinum' declared here
[INFO] [stderr] warning:    63 |   int csinum;
[INFO] [stderr] warning:       |       ^~~~~~
[INFO] [stderr] warning: /opt/rustwide/workdir/vendor/libvterm/src/keyboard.c:90:3: warning: missing initializer for field 'csinum' of 'keycodes_s' {aka 'struct <anonymous>'} [-Wmissing-field-initializers]
[INFO] [stderr] warning:    90 |   { KEYCODE_CSI_CURSOR, 'Q' }, // F2
[INFO] [stderr] warning:       |   ^
[INFO] [stderr] warning: /opt/rustwide/workdir/vendor/libvterm/src/keyboard.c:63:7: note: 'csinum' declared here
[INFO] [stderr] warning:    63 |   int csinum;
[INFO] [stderr] warning:       |       ^~~~~~
[INFO] [stderr] warning: /opt/rustwide/workdir/vendor/libvterm/src/keyboard.c:91:3: warning: missing initializer for field 'csinum' of 'keycodes_s' {aka 'struct <anonymous>'} [-Wmissing-field-initializers]
[INFO] [stderr] warning:    91 |   { KEYCODE_CSI_CURSOR, 'R' }, // F3
[INFO] [stderr] warning:       |   ^
[INFO] [stderr] warning: /opt/rustwide/workdir/vendor/libvterm/src/keyboard.c:63:7: note: 'csinum' declared here
[INFO] [stderr] warning:    63 |   int csinum;
[INFO] [stderr] warning:       |       ^~~~~~
[INFO] [stderr] warning: /opt/rustwide/workdir/vendor/libvterm/src/keyboard.c:92:3: warning: missing initializer for field 'csinum' of 'keycodes_s' {aka 'struct <anonymous>'} [-Wmissing-field-initializers]
[INFO] [stderr] warning:    92 |   { KEYCODE_CSI_CURSOR, 'S' }, // F4
[INFO] [stderr] warning:       |   ^
[INFO] [stderr] warning: /opt/rustwide/workdir/vendor/libvterm/src/keyboard.c:63:7: note: 'csinum' declared here
[INFO] [stderr] warning:    63 |   int csinum;
[INFO] [stderr] warning:       |       ^~~~~~
[INFO] [stderr] warning: /opt/rustwide/workdir/vendor/libvterm/src/parser.c: In function 'do_string_csi':
[INFO] [stderr] warning: /opt/rustwide/workdir/vendor/libvterm/src/parser.c:27:12: warning: comparison of integer expressions of different signedness: 'int' and 'size_t' {aka 'long unsigned int'} [-Wsign-compare]
[INFO] [stderr] warning:    27 |   for( ; i < arglen; i++) {
[INFO] [stderr] warning:       |            ^
[INFO] [stderr] warning: /opt/rustwide/workdir/vendor/libvterm/src/parser.c:38:12: warning: comparison of integer expressions of different signedness: 'int' and 'size_t' {aka 'long unsigned int'} [-Wsign-compare]
[INFO] [stderr] warning:    38 |   for( ; i < arglen; i++)
[INFO] [stderr] warning:       |            ^
[INFO] [stderr] warning: /opt/rustwide/workdir/vendor/libvterm/src/parser.c:52:24: warning: comparison of integer expressions of different signedness: 'int' and 'size_t' {aka 'long unsigned int'} [-Wsign-compare]
[INFO] [stderr] warning:    52 |   for(i = leaderlen; i < arglen && argi < argcount; i++) {
[INFO] [stderr] warning:       |                        ^
[INFO] [stderr] warning: /opt/rustwide/workdir/vendor/libvterm/src/parser.c:76:12: warning: comparison of integer expressions of different signedness: 'int' and 'size_t' {aka 'long unsigned int'} [-Wsign-compare]
[INFO] [stderr] warning:    76 |   for( ; i < arglen; i++) {
[INFO] [stderr] warning:       |            ^
[INFO] [stderr] warning: /opt/rustwide/workdir/vendor/libvterm/src/parser.c:86:8: warning: comparison of integer expressions of different signedness: 'int' and 'size_t' {aka 'long unsigned int'} [-Wsign-compare]
[INFO] [stderr] warning:    86 |   if(i < arglen) {
[INFO] [stderr] warning:       |        ^
[INFO] [stderr] warning: /opt/rustwide/workdir/vendor/libvterm/src/pen.c: In function 'setpenattr':
[INFO] [stderr] warning: /opt/rustwide/workdir/vendor/libvterm/src/pen.c:105:74: warning: unused parameter 'type' [-Wunused-parameter]
[INFO] [stderr] warning:   105 | static void setpenattr(VTermState *state, VTermAttr attr, VTermValueType type, VTermValue *val)
[INFO] [stderr] warning:       |                                                           ~~~~~~~~~~~~~~~^~~~
[INFO] [stderr] warning: /opt/rustwide/workdir/vendor/libvterm/src/pen.c: In function 'vterm_state_setpen':
[INFO] [stderr] warning: /opt/rustwide/workdir/vendor/libvterm/src/pen.c:375:58: warning: suggest braces around empty body in an 'if' statement [-Wempty-body]
[INFO] [stderr] warning:   375 |       DEBUG_LOG("libvterm: Unhandled CSI SGR %lu\n", arg);
[INFO] [stderr] warning:       |                                                          ^
[INFO] [stderr] warning: /opt/rustwide/workdir/vendor/libvterm/src/pen.c: In function 'vterm_state_getpen':
[INFO] [stderr] warning: /opt/rustwide/workdir/vendor/libvterm/src/pen.c:381:69: warning: unused parameter 'argcount' [-Wunused-parameter]
[INFO] [stderr] warning:   381 | INTERNAL int vterm_state_getpen(VTermState *state, long args[], int argcount)
[INFO] [stderr] warning:       |                                                                 ~~~~^~~~~~~~
[INFO] [stderr] warning: /opt/rustwide/workdir/vendor/libvterm/src/screen.c: In function 'erase_user':
[INFO] [stderr] warning: /opt/rustwide/workdir/vendor/libvterm/src/screen.c:288:43: warning: unused parameter 'selective' [-Wunused-parameter]
[INFO] [stderr] warning:   288 | static int erase_user(VTermRect rect, int selective, void *user)
[INFO] [stderr] warning:       |                                       ~~~~^~~~~~~~~
[INFO] [stderr] warning: /opt/rustwide/workdir/vendor/libvterm/src/state.c: In function 'on_text':
[INFO] [stderr] warning: /opt/rustwide/workdir/vendor/libvterm/src/state.c:268:20: warning: comparison of integer expressions of different signedness: 'int' and 'size_t' {aka 'long unsigned int'} [-Wsign-compare]
[INFO] [stderr] warning:   268 |         if(saved_i >= state->combine_chars_size)
[INFO] [stderr] warning:       |                    ^~
[INFO] [stderr] warning: /opt/rustwide/workdir/vendor/libvterm/src/state.c:272:18: warning: comparison of integer expressions of different signedness: 'int' and 'size_t' {aka 'long unsigned int'} [-Wsign-compare]
[INFO] [stderr] warning:   272 |       if(saved_i >= state->combine_chars_size)
[INFO] [stderr] warning:       |                  ^~
[INFO] [stderr] warning: /opt/rustwide/workdir/vendor/libvterm/src/state.c:352:19: warning: comparison of integer expressions of different signedness: 'int' and 'size_t' {aka 'long unsigned int'} [-Wsign-compare]
[INFO] [stderr] warning:   352 |         if(save_i >= state->combine_chars_size)
[INFO] [stderr] warning:       |                   ^~
[INFO] [stderr] warning: /opt/rustwide/workdir/vendor/libvterm/src/state.c:356:17: warning: comparison of integer expressions of different signedness: 'int' and 'size_t' {aka 'long unsigned int'} [-Wsign-compare]
[INFO] [stderr] warning:   356 |       if(save_i >= state->combine_chars_size)
[INFO] [stderr] warning:       |                 ^~
[INFO] [stderr] warning: /opt/rustwide/workdir/vendor/libvterm/src/state.c: In function 'request_dec_mode':
[INFO] [stderr] warning: /opt/rustwide/workdir/vendor/libvterm/src/state.c:851:13: warning: this statement may fall through [-Wimplicit-fallthrough=]
[INFO] [stderr] warning:   851 |       reply = state->mode.bracketpaste;
[INFO] [stderr] warning:       |       ~~~~~~^~~~~~~~~~~~~~~~~~~~~~~~~~
[INFO] [stderr] warning: /opt/rustwide/workdir/vendor/libvterm/src/state.c:853:5: note: here
[INFO] [stderr] warning:   853 |     default:
[INFO] [stderr] warning:       |     ^~~~~~~
[INFO] [stderr] warning: /opt/rustwide/workdir/vendor/libvterm/src/unicode.c:308:12: warning: 'mk_wcswidth_cjk' defined but not used [-Wunused-function]
[INFO] [stderr] warning:   308 | static int mk_wcswidth_cjk(const wchar_t *pwcs, size_t n)
[INFO] [stderr] warning:       |            ^~~~~~~~~~~~~~~
[INFO] [stderr] warning: /opt/rustwide/workdir/vendor/libvterm/src/unicode.c:217:12: warning: 'mk_wcswidth' defined but not used [-Wunused-function]
[INFO] [stderr] warning:   217 | static int mk_wcswidth(const wchar_t *pwcs, size_t n)
[INFO] [stderr] warning:       |            ^~~~~~~~~~~
[INFO] [stderr] warning: /opt/rustwide/workdir/vendor/libvterm/src/vterm.c: In function 'default_malloc':
[INFO] [stderr] warning: /opt/rustwide/workdir/vendor/libvterm/src/vterm.c:12:48: warning: unused parameter 'allocdata' [-Wunused-parameter]
[INFO] [stderr] warning:    12 | static void *default_malloc(size_t size, void *allocdata)
[INFO] [stderr] warning:       |                                          ~~~~~~^~~~~~~~~
[INFO] [stderr] warning: /opt/rustwide/workdir/vendor/libvterm/src/vterm.c: In function 'default_free':
[INFO] [stderr] warning: /opt/rustwide/workdir/vendor/libvterm/src/vterm.c:20:43: warning: unused parameter 'allocdata' [-Wunused-parameter]
[INFO] [stderr] warning:    20 | static void default_free(void *ptr, void *allocdata)
[INFO] [stderr] warning:       |                                     ~~~~~~^~~~~~~~~
[INFO] [stderr] warning: /opt/rustwide/workdir/vendor/libvterm/src/vterm.c: In function 'vterm_push_output_vsprintf':
[INFO] [stderr] warning: /opt/rustwide/workdir/vendor/libvterm/src/vterm.c:140:14: warning: comparison of integer expressions of different signedness: 'int' and 'size_t' {aka 'long unsigned int'} [-Wsign-compare]
[INFO] [stderr] warning:   140 |   if(written == vt->outbuffer_len - vt->outbuffer_cur) {
[INFO] [stderr] warning:       |              ^~
[INFO] [stderr] warning: /opt/rustwide/workdir/vendor/rusty_shims.c: In function 'vterm_cell_set_chars':
[INFO] [stderr] warning: /opt/rustwide/workdir/vendor/rusty_shims.c:41:16: warning: comparison of integer expressions of different signedness: 'int' and 'size_t' {aka 'long unsigned int'} [-Wsign-compare]
[INFO] [stderr] warning:    41 |   for(i = 0; i < len && i < VTERM_MAX_CHARS_PER_CELL; i++) {
[INFO] [stderr] warning:       |                ^
[INFO] [stderr]    Compiling euclid v0.6.8
[INFO] [stdout] warning: unused `#[macro_use]` import
[INFO] [stdout]  --> src/lib.rs:3:1
[INFO] [stdout]   |
[INFO] [stdout] 3 | #[macro_use]
[INFO] [stdout]   | ^^^^^^^^^^^^
[INFO] [stdout]   |
[INFO] [stdout]   = note: `#[warn(unused_imports)]` on by default
[INFO] [stdout] 
[INFO] [stdout] 
[INFO] [stdout] warning: unnecessary parentheses around type
[INFO] [stdout]   --> src/ffi/screen.rs:19:65
[INFO] [stdout]    |
[INFO] [stdout] 19 |     pub damage: Option<extern "C" fn(VTermRect, *mut c_void) -> (c_int)>,
[INFO] [stdout]    |                                                                 ^^^^^^^ help: remove these parentheses
[INFO] [stdout]    |
[INFO] [stdout]    = note: `#[warn(unused_parens)]` on by default
[INFO] [stdout] 
[INFO] [stdout] 
[INFO] [stdout] warning: unnecessary parentheses around type
[INFO] [stdout]   --> src/ffi/screen.rs:20:79
[INFO] [stdout]    |
[INFO] [stdout] 20 |     pub move_rect: Option<extern "C" fn(VTermRect, VTermRect, *mut c_void) -> (c_int)>,
[INFO] [stdout]    |                                                                               ^^^^^^^ help: remove these parentheses
[INFO] [stdout] 
[INFO] [stdout] 
[INFO] [stdout] warning: unnecessary parentheses around type
[INFO] [stdout]   --> src/ffi/screen.rs:21:86
[INFO] [stdout]    |
[INFO] [stdout] 21 |     pub move_cursor: Option<extern "C" fn(VTermPos, VTermPos, c_int, *mut c_void) -> (c_int)>,
[INFO] [stdout]    |                                                                                      ^^^^^^^ help: remove these parentheses
[INFO] [stdout] 
[INFO] [stdout] 
[INFO] [stdout] warning: unnecessary parentheses around type
[INFO] [stdout]   --> src/ffi/screen.rs:22:89
[INFO] [stdout]    |
[INFO] [stdout] 22 |     pub set_term_prop: Option<extern "C" fn(VTermProp, *mut VTermValue, *mut c_void) -> (c_int)>,
[INFO] [stdout]    |                                                                                         ^^^^^^^ help: remove these parentheses
[INFO] [stdout] 
[INFO] [stdout] 
[INFO] [stdout] warning: unnecessary parentheses around type
[INFO] [stdout]   --> src/ffi/screen.rs:23:52
[INFO] [stdout]    |
[INFO] [stdout] 23 |     pub bell: Option<extern "C" fn(*mut c_void) -> (c_int)>,
[INFO] [stdout]    |                                                    ^^^^^^^ help: remove these parentheses
[INFO] [stdout] 
[INFO] [stdout] 
[INFO] [stdout] warning: unnecessary parentheses around type
[INFO] [stdout]  --> src/ffi/state.rs:8:88
[INFO] [stdout]   |
[INFO] [stdout] 8 |     pub put_glyph: Option<extern "C" fn(*mut VTermGlyphInfo, VTermPos, *mut c_void) -> (c_int)>,
[INFO] [stdout]   |                                                                                        ^^^^^^^ help: remove these parentheses
[INFO] [stdout] 
[INFO] [stdout] 
[INFO] [stdout] warning: unnecessary parentheses around type
[INFO] [stdout]  --> src/ffi/state.rs:9:86
[INFO] [stdout]   |
[INFO] [stdout] 9 |     pub move_cursor: Option<extern "C" fn(VTermPos, VTermPos, c_int, *mut c_void) -> (c_int)>,
[INFO] [stdout]   |                                                                                      ^^^^^^^ help: remove these parentheses
[INFO] [stdout] 
[INFO] [stdout] 
[INFO] [stdout] warning: unnecessary parentheses around type
[INFO] [stdout]   --> src/ffi/state.rs:10:84
[INFO] [stdout]    |
[INFO] [stdout] 10 |     pub scroll_rect: Option<extern "C" fn(VTermRect, c_int, c_int, *mut c_void) -> (c_int)>,
[INFO] [stdout]    |                                                                                    ^^^^^^^ help: remove these parentheses
[INFO] [stdout] 
[INFO] [stdout] 
[INFO] [stdout] warning: unnecessary parentheses around type
[INFO] [stdout]   --> src/ffi/state.rs:11:79
[INFO] [stdout]    |
[INFO] [stdout] 11 |     pub move_rect: Option<extern "C" fn(VTermRect, VTermRect, *mut c_void) -> (c_int)>,
[INFO] [stdout]    |                                                                               ^^^^^^^ help: remove these parentheses
[INFO] [stdout] 
[INFO] [stdout] 
[INFO] [stdout] warning: unnecessary parentheses around type
[INFO] [stdout]   --> src/ffi/state.rs:12:71
[INFO] [stdout]    |
[INFO] [stdout] 12 |     pub erase: Option<extern "C" fn(VTermRect, c_int, *mut c_void) -> (c_int)>,
[INFO] [stdout]    |                                                                       ^^^^^^^ help: remove these parentheses
[INFO] [stdout] 
[INFO] [stdout] 
[INFO] [stdout] warning: unnecessary parentheses around type
[INFO] [stdout]   --> src/ffi/state.rs:13:56
[INFO] [stdout]    |
[INFO] [stdout] 13 |     pub init_pen: Option<extern "C" fn(*mut c_void) -> (c_int)>,
[INFO] [stdout]    |                                                        ^^^^^^^ help: remove these parentheses
[INFO] [stdout] 
[INFO] [stdout] 
[INFO] [stdout] warning: unnecessary parentheses around type
[INFO] [stdout]   --> src/ffi/state.rs:14:88
[INFO] [stdout]    |
[INFO] [stdout] 14 |     pub set_pen_attr: Option<extern "C" fn(VTermAttr, *mut VTermValue, *mut c_void) -> (c_int)>,
[INFO] [stdout]    |                                                                                        ^^^^^^^ help: remove these parentheses
[INFO] [stdout] 
[INFO] [stdout] 
[INFO] [stdout] warning: unnecessary parentheses around type
[INFO] [stdout]   --> src/ffi/state.rs:15:89
[INFO] [stdout]    |
[INFO] [stdout] 15 |     pub set_term_prop: Option<extern "C" fn(VTermProp, *mut VTermValue, *mut c_void) -> (c_int)>,
[INFO] [stdout]    |                                                                                         ^^^^^^^ help: remove these parentheses
[INFO] [stdout] 
[INFO] [stdout] 
[INFO] [stdout] warning: unnecessary parentheses around type
[INFO] [stdout]   --> src/ffi/state.rs:16:52
[INFO] [stdout]    |
[INFO] [stdout] 16 |     pub bell: Option<extern "C" fn(*mut c_void) -> (c_int)>,
[INFO] [stdout]    |                                                    ^^^^^^^ help: remove these parentheses
[INFO] [stdout] 
[INFO] [stdout] 
[INFO] [stdout] warning: unnecessary parentheses around type
[INFO] [stdout]   --> src/ffi/state.rs:17:83
[INFO] [stdout]    |
[INFO] [stdout] 17 |     pub resize: Option<extern "C" fn(c_int, c_int, *mut VTermPos, *mut c_void) -> (c_int)>,
[INFO] [stdout]    |                                                                                   ^^^^^^^ help: remove these parentheses
[INFO] [stdout] 
[INFO] [stdout] 
[INFO] [stdout] warning: unnecessary parentheses around type
[INFO] [stdout]   --> src/ffi/state.rs:22:48
[INFO] [stdout]    |
[INFO] [stdout] 22 | ...                   -> (c_int)>,
[INFO] [stdout]    |                          ^^^^^^^ help: remove these parentheses
[INFO] [stdout] 
[INFO] [stdout] 
[INFO] [stdout] warning: variant `VTERM_MOD_NONE` should have an upper camel case name
[INFO] [stdout]    --> src/ffi/mod.rs:128:5
[INFO] [stdout]     |
[INFO] [stdout] 128 |     VTERM_MOD_NONE = 0x00,
[INFO] [stdout]     |     ^^^^^^^^^^^^^^ help: convert the identifier to upper camel case: `VtermModNone`
[INFO] [stdout]     |
[INFO] [stdout]     = note: `#[warn(non_camel_case_types)]` on by default
[INFO] [stdout] 
[INFO] [stdout] 
[INFO] [stdout] warning: variant `VTERM_MOD_SHIFT` should have an upper camel case name
[INFO] [stdout]    --> src/ffi/mod.rs:129:5
[INFO] [stdout]     |
[INFO] [stdout] 129 |     VTERM_MOD_SHIFT = 0x01,
[INFO] [stdout]     |     ^^^^^^^^^^^^^^^ help: convert the identifier to upper camel case: `VtermModShift`
[INFO] [stdout] 
[INFO] [stdout] 
[INFO] [stdout] warning: variant `VTERM_MOD_ALT` should have an upper camel case name
[INFO] [stdout]    --> src/ffi/mod.rs:130:5
[INFO] [stdout]     |
[INFO] [stdout] 130 |     VTERM_MOD_ALT = 0x02,
[INFO] [stdout]     |     ^^^^^^^^^^^^^ help: convert the identifier to upper camel case: `VtermModAlt`
[INFO] [stdout] 
[INFO] [stdout] 
[INFO] [stdout] warning: variant `VTERM_MOD_CTRL` should have an upper camel case name
[INFO] [stdout]    --> src/ffi/mod.rs:131:5
[INFO] [stdout]     |
[INFO] [stdout] 131 |     VTERM_MOD_CTRL = 0x04,
[INFO] [stdout]     |     ^^^^^^^^^^^^^^ help: convert the identifier to upper camel case: `VtermModCtrl`
[INFO] [stdout] 
[INFO] [stdout] 
[INFO] [stdout] warning: variant `VTERM_KEY_NONE` should have an upper camel case name
[INFO] [stdout]    --> src/ffi/mod.rs:136:5
[INFO] [stdout]     |
[INFO] [stdout] 136 |     VTERM_KEY_NONE,
[INFO] [stdout]     |     ^^^^^^^^^^^^^^ help: convert the identifier to upper camel case: `VtermKeyNone`
[INFO] [stdout] 
[INFO] [stdout] 
[INFO] [stdout] warning: variant `VTERM_KEY_ENTER` should have an upper camel case name
[INFO] [stdout]    --> src/ffi/mod.rs:138:5
[INFO] [stdout]     |
[INFO] [stdout] 138 |     VTERM_KEY_ENTER,
[INFO] [stdout]     |     ^^^^^^^^^^^^^^^ help: convert the identifier to upper camel case: `VtermKeyEnter`
[INFO] [stdout] 
[INFO] [stdout] 
[INFO] [stdout] warning: variant `VTERM_KEY_TAB` should have an upper camel case name
[INFO] [stdout]    --> src/ffi/mod.rs:139:5
[INFO] [stdout]     |
[INFO] [stdout] 139 |     VTERM_KEY_TAB,
[INFO] [stdout]     |     ^^^^^^^^^^^^^ help: convert the identifier to upper camel case: `VtermKeyTab`
[INFO] [stdout] 
[INFO] [stdout] 
[INFO] [stdout] warning: variant `VTERM_KEY_BACKSPACE` should have an upper camel case name
[INFO] [stdout]    --> src/ffi/mod.rs:140:5
[INFO] [stdout]     |
[INFO] [stdout] 140 |     VTERM_KEY_BACKSPACE,
[INFO] [stdout]     |     ^^^^^^^^^^^^^^^^^^^ help: convert the identifier to upper camel case: `VtermKeyBackspace`
[INFO] [stdout] 
[INFO] [stdout] 
[INFO] [stdout] warning: variant `VTERM_KEY_ESCAPE` should have an upper camel case name
[INFO] [stdout]    --> src/ffi/mod.rs:141:5
[INFO] [stdout]     |
[INFO] [stdout] 141 |     VTERM_KEY_ESCAPE,
[INFO] [stdout]     |     ^^^^^^^^^^^^^^^^ help: convert the identifier to upper camel case: `VtermKeyEscape`
[INFO] [stdout] 
[INFO] [stdout] 
[INFO] [stdout] warning: variant `VTERM_KEY_UP` should have an upper camel case name
[INFO] [stdout]    --> src/ffi/mod.rs:143:5
[INFO] [stdout]     |
[INFO] [stdout] 143 |     VTERM_KEY_UP,
[INFO] [stdout]     |     ^^^^^^^^^^^^ help: convert the identifier to upper camel case: `VtermKeyUp`
[INFO] [stdout] 
[INFO] [stdout] 
[INFO] [stdout] warning: variant `VTERM_KEY_DOWN` should have an upper camel case name
[INFO] [stdout]    --> src/ffi/mod.rs:144:5
[INFO] [stdout]     |
[INFO] [stdout] 144 |     VTERM_KEY_DOWN,
[INFO] [stdout]     |     ^^^^^^^^^^^^^^ help: convert the identifier to upper camel case: `VtermKeyDown`
[INFO] [stdout] 
[INFO] [stdout] 
[INFO] [stdout] warning: variant `VTERM_KEY_LEFT` should have an upper camel case name
[INFO] [stdout]    --> src/ffi/mod.rs:145:5
[INFO] [stdout]     |
[INFO] [stdout] 145 |     VTERM_KEY_LEFT,
[INFO] [stdout]     |     ^^^^^^^^^^^^^^ help: convert the identifier to upper camel case: `VtermKeyLeft`
[INFO] [stdout] 
[INFO] [stdout] 
[INFO] [stdout] warning: variant `VTERM_KEY_RIGHT` should have an upper camel case name
[INFO] [stdout]    --> src/ffi/mod.rs:146:5
[INFO] [stdout]     |
[INFO] [stdout] 146 |     VTERM_KEY_RIGHT,
[INFO] [stdout]     |     ^^^^^^^^^^^^^^^ help: convert the identifier to upper camel case: `VtermKeyRight`
[INFO] [stdout] 
[INFO] [stdout] 
[INFO] [stdout] warning: variant `VTERM_KEY_INS` should have an upper camel case name
[INFO] [stdout]    --> src/ffi/mod.rs:148:5
[INFO] [stdout]     |
[INFO] [stdout] 148 |     VTERM_KEY_INS,
[INFO] [stdout]     |     ^^^^^^^^^^^^^ help: convert the identifier to upper camel case: `VtermKeyIns`
[INFO] [stdout] 
[INFO] [stdout] 
[INFO] [stdout] warning: variant `VTERM_KEY_DEL` should have an upper camel case name
[INFO] [stdout]    --> src/ffi/mod.rs:149:5
[INFO] [stdout]     |
[INFO] [stdout] 149 |     VTERM_KEY_DEL,
[INFO] [stdout]     |     ^^^^^^^^^^^^^ help: convert the identifier to upper camel case: `VtermKeyDel`
[INFO] [stdout] 
[INFO] [stdout] 
[INFO] [stdout] warning: variant `VTERM_KEY_HOME` should have an upper camel case name
[INFO] [stdout]    --> src/ffi/mod.rs:150:5
[INFO] [stdout]     |
[INFO] [stdout] 150 |     VTERM_KEY_HOME,
[INFO] [stdout]     |     ^^^^^^^^^^^^^^ help: convert the identifier to upper camel case: `VtermKeyHome`
[INFO] [stdout] 
[INFO] [stdout] 
[INFO] [stdout] warning: variant `VTERM_KEY_END` should have an upper camel case name
[INFO] [stdout]    --> src/ffi/mod.rs:151:5
[INFO] [stdout]     |
[INFO] [stdout] 151 |     VTERM_KEY_END,
[INFO] [stdout]     |     ^^^^^^^^^^^^^ help: convert the identifier to upper camel case: `VtermKeyEnd`
[INFO] [stdout] 
[INFO] [stdout] 
[INFO] [stdout] warning: variant `VTERM_KEY_PAGEUP` should have an upper camel case name
[INFO] [stdout]    --> src/ffi/mod.rs:152:5
[INFO] [stdout]     |
[INFO] [stdout] 152 |     VTERM_KEY_PAGEUP,
[INFO] [stdout]     |     ^^^^^^^^^^^^^^^^ help: convert the identifier to upper camel case: `VtermKeyPageup`
[INFO] [stdout] 
[INFO] [stdout] 
[INFO] [stdout] warning: variant `VTERM_KEY_PAGEDOWN` should have an upper camel case name
[INFO] [stdout]    --> src/ffi/mod.rs:153:5
[INFO] [stdout]     |
[INFO] [stdout] 153 |     VTERM_KEY_PAGEDOWN,
[INFO] [stdout]     |     ^^^^^^^^^^^^^^^^^^ help: convert the identifier to upper camel case: `VtermKeyPagedown`
[INFO] [stdout] 
[INFO] [stdout] 
[INFO] [stdout] warning: variant `VTERM_KEY_FUNCTION_0` should have an upper camel case name
[INFO] [stdout]    --> src/ffi/mod.rs:155:5
[INFO] [stdout]     |
[INFO] [stdout] 155 |     VTERM_KEY_FUNCTION_0 = 256,
[INFO] [stdout]     |     ^^^^^^^^^^^^^^^^^^^^ help: convert the identifier to upper camel case: `VtermKeyFunction0`
[INFO] [stdout] 
[INFO] [stdout] 
[INFO] [stdout] warning: variant `VTERM_KEY_FUNCTION_MAX` should have an upper camel case name
[INFO] [stdout]    --> src/ffi/mod.rs:156:5
[INFO] [stdout]     |
[INFO] [stdout] 156 |     VTERM_KEY_FUNCTION_MAX = 256 + 255,
[INFO] [stdout]     |     ^^^^^^^^^^^^^^^^^^^^^^ help: convert the identifier to upper camel case: `VtermKeyFunctionMax`
[INFO] [stdout] 
[INFO] [stdout] 
[INFO] [stdout] warning: variant `VTERM_KEY_KP_0` should have an upper camel case name
[INFO] [stdout]    --> src/ffi/mod.rs:158:5
[INFO] [stdout]     |
[INFO] [stdout] 158 |     VTERM_KEY_KP_0,
[INFO] [stdout]     |     ^^^^^^^^^^^^^^ help: convert the identifier to upper camel case: `VtermKeyKp0`
[INFO] [stdout] 
[INFO] [stdout] 
[INFO] [stdout] warning: variant `VTERM_KEY_KP_1` should have an upper camel case name
[INFO] [stdout]    --> src/ffi/mod.rs:159:5
[INFO] [stdout]     |
[INFO] [stdout] 159 |     VTERM_KEY_KP_1,
[INFO] [stdout]     |     ^^^^^^^^^^^^^^ help: convert the identifier to upper camel case: `VtermKeyKp1`
[INFO] [stdout] 
[INFO] [stdout] 
[INFO] [stdout] warning: variant `VTERM_KEY_KP_2` should have an upper camel case name
[INFO] [stdout]    --> src/ffi/mod.rs:160:5
[INFO] [stdout]     |
[INFO] [stdout] 160 |     VTERM_KEY_KP_2,
[INFO] [stdout]     |     ^^^^^^^^^^^^^^ help: convert the identifier to upper camel case: `VtermKeyKp2`
[INFO] [stdout] 
[INFO] [stdout] 
[INFO] [stdout] warning: variant `VTERM_KEY_KP_3` should have an upper camel case name
[INFO] [stdout]    --> src/ffi/mod.rs:161:5
[INFO] [stdout]     |
[INFO] [stdout] 161 |     VTERM_KEY_KP_3,
[INFO] [stdout]     |     ^^^^^^^^^^^^^^ help: convert the identifier to upper camel case: `VtermKeyKp3`
[INFO] [stdout] 
[INFO] [stdout] 
[INFO] [stdout] warning: variant `VTERM_KEY_KP_4` should have an upper camel case name
[INFO] [stdout]    --> src/ffi/mod.rs:162:5
[INFO] [stdout]     |
[INFO] [stdout] 162 |     VTERM_KEY_KP_4,
[INFO] [stdout]     |     ^^^^^^^^^^^^^^ help: convert the identifier to upper camel case: `VtermKeyKp4`
[INFO] [stdout] 
[INFO] [stdout] 
[INFO] [stdout] warning: variant `VTERM_KEY_KP_5` should have an upper camel case name
[INFO] [stdout]    --> src/ffi/mod.rs:163:5
[INFO] [stdout]     |
[INFO] [stdout] 163 |     VTERM_KEY_KP_5,
[INFO] [stdout]     |     ^^^^^^^^^^^^^^ help: convert the identifier to upper camel case: `VtermKeyKp5`
[INFO] [stdout] 
[INFO] [stdout] 
[INFO] [stdout] warning: variant `VTERM_KEY_KP_6` should have an upper camel case name
[INFO] [stdout]    --> src/ffi/mod.rs:164:5
[INFO] [stdout]     |
[INFO] [stdout] 164 |     VTERM_KEY_KP_6,
[INFO] [stdout]     |     ^^^^^^^^^^^^^^ help: convert the identifier to upper camel case: `VtermKeyKp6`
[INFO] [stdout] 
[INFO] [stdout] 
[INFO] [stdout] warning: variant `VTERM_KEY_KP_7` should have an upper camel case name
[INFO] [stdout]    --> src/ffi/mod.rs:165:5
[INFO] [stdout]     |
[INFO] [stdout] 165 |     VTERM_KEY_KP_7,
[INFO] [stdout]     |     ^^^^^^^^^^^^^^ help: convert the identifier to upper camel case: `VtermKeyKp7`
[INFO] [stdout] 
[INFO] [stdout] 
[INFO] [stdout] warning: variant `VTERM_KEY_KP_8` should have an upper camel case name
[INFO] [stdout]    --> src/ffi/mod.rs:166:5
[INFO] [stdout]     |
[INFO] [stdout] 166 |     VTERM_KEY_KP_8,
[INFO] [stdout]     |     ^^^^^^^^^^^^^^ help: convert the identifier to upper camel case: `VtermKeyKp8`
[INFO] [stdout] 
[INFO] [stdout] 
[INFO] [stdout] warning: variant `VTERM_KEY_KP_9` should have an upper camel case name
[INFO] [stdout]    --> src/ffi/mod.rs:167:5
[INFO] [stdout]     |
[INFO] [stdout] 167 |     VTERM_KEY_KP_9,
[INFO] [stdout]     |     ^^^^^^^^^^^^^^ help: convert the identifier to upper camel case: `VtermKeyKp9`
[INFO] [stdout] 
[INFO] [stdout] 
[INFO] [stdout] warning: variant `VTERM_KEY_KP_MULT` should have an upper camel case name
[INFO] [stdout]    --> src/ffi/mod.rs:168:5
[INFO] [stdout]     |
[INFO] [stdout] 168 |     VTERM_KEY_KP_MULT,
[INFO] [stdout]     |     ^^^^^^^^^^^^^^^^^ help: convert the identifier to upper camel case: `VtermKeyKpMult`
[INFO] [stdout] 
[INFO] [stdout] 
[INFO] [stdout] warning: variant `VTERM_KEY_KP_PLUS` should have an upper camel case name
[INFO] [stdout]    --> src/ffi/mod.rs:169:5
[INFO] [stdout]     |
[INFO] [stdout] 169 |     VTERM_KEY_KP_PLUS,
[INFO] [stdout]     |     ^^^^^^^^^^^^^^^^^ help: convert the identifier to upper camel case: `VtermKeyKpPlus`
[INFO] [stdout] 
[INFO] [stdout] 
[INFO] [stdout] warning: variant `VTERM_KEY_KP_COMMA` should have an upper camel case name
[INFO] [stdout]    --> src/ffi/mod.rs:170:5
[INFO] [stdout]     |
[INFO] [stdout] 170 |     VTERM_KEY_KP_COMMA,
[INFO] [stdout]     |     ^^^^^^^^^^^^^^^^^^ help: convert the identifier to upper camel case: `VtermKeyKpComma`
[INFO] [stdout] 
[INFO] [stdout] 
[INFO] [stdout] warning: variant `VTERM_KEY_KP_MINUS` should have an upper camel case name
[INFO] [stdout]    --> src/ffi/mod.rs:171:5
[INFO] [stdout]     |
[INFO] [stdout] 171 |     VTERM_KEY_KP_MINUS,
[INFO] [stdout]     |     ^^^^^^^^^^^^^^^^^^ help: convert the identifier to upper camel case: `VtermKeyKpMinus`
[INFO] [stdout] 
[INFO] [stdout] 
[INFO] [stdout] warning: variant `VTERM_KEY_KP_PERIOD` should have an upper camel case name
[INFO] [stdout]    --> src/ffi/mod.rs:172:5
[INFO] [stdout]     |
[INFO] [stdout] 172 |     VTERM_KEY_KP_PERIOD,
[INFO] [stdout]     |     ^^^^^^^^^^^^^^^^^^^ help: convert the identifier to upper camel case: `VtermKeyKpPeriod`
[INFO] [stdout] 
[INFO] [stdout] 
[INFO] [stdout] warning: variant `VTERM_KEY_KP_DIVIDE` should have an upper camel case name
[INFO] [stdout]    --> src/ffi/mod.rs:173:5
[INFO] [stdout]     |
[INFO] [stdout] 173 |     VTERM_KEY_KP_DIVIDE,
[INFO] [stdout]     |     ^^^^^^^^^^^^^^^^^^^ help: convert the identifier to upper camel case: `VtermKeyKpDivide`
[INFO] [stdout] 
[INFO] [stdout] 
[INFO] [stdout] warning: variant `VTERM_KEY_KP_ENTER` should have an upper camel case name
[INFO] [stdout]    --> src/ffi/mod.rs:174:5
[INFO] [stdout]     |
[INFO] [stdout] 174 |     VTERM_KEY_KP_ENTER,
[INFO] [stdout]     |     ^^^^^^^^^^^^^^^^^^ help: convert the identifier to upper camel case: `VtermKeyKpEnter`
[INFO] [stdout] 
[INFO] [stdout] 
[INFO] [stdout] warning: variant `VTERM_KEY_KP_EQUAL` should have an upper camel case name
[INFO] [stdout]    --> src/ffi/mod.rs:175:5
[INFO] [stdout]     |
[INFO] [stdout] 175 |     VTERM_KEY_KP_EQUAL,
[INFO] [stdout]     |     ^^^^^^^^^^^^^^^^^^ help: convert the identifier to upper camel case: `VtermKeyKpEqual`
[INFO] [stdout] 
[INFO] [stdout] 
[INFO] [stdout] warning: variant `VTERM_KEY_MAX` should have an upper camel case name
[INFO] [stdout]    --> src/ffi/mod.rs:177:5
[INFO] [stdout]     |
[INFO] [stdout] 177 |     VTERM_KEY_MAX, // Must be last
[INFO] [stdout]     |     ^^^^^^^^^^^^^ help: convert the identifier to upper camel case: `VtermKeyMax`
[INFO] [stdout] 
[INFO] [stdout] 
[INFO] [stdout] warning: anonymous parameters are deprecated and will be removed in the next edition.
[INFO] [stdout]   --> src/geom.rs:16:29
[INFO] [stdout]    |
[INFO] [stdout] 16 |     fn contains_rect(&self, &Rect) -> bool;
[INFO] [stdout]    |                             ^^^^^ help: try naming the parameter or explicitly ignoring it: `_: &Rect`
[INFO] [stdout]    |
[INFO] [stdout]    = note: `#[warn(anonymous_parameters)]` on by default
[INFO] [stdout]    = warning: this was previously accepted by the compiler but is being phased out; it will become a hard error in the 2018 edition!
[INFO] [stdout]    = note: for more information, see issue #41686 <https://github.com/rust-lang/rust/issues/41686>
[INFO] [stdout] 
[INFO] [stdout] 
[INFO] [stdout] warning: use of deprecated macro `try`: use the `?` operator instead
[INFO] [stdout]    --> src/screen.rs:108:17
[INFO] [stdout]     |
[INFO] [stdout] 108 |         let v = try! { String::from_utf8(bytes) };
[INFO] [stdout]     |                 ^^^
[INFO] [stdout]     |
[INFO] [stdout]     = note: `#[warn(deprecated)]` on by default
[INFO] [stdout] 
[INFO] [stdout] 
[INFO] [stdout] warning: use of deprecated type alias `libc::uint8_t`: Use u8 instead.
[INFO] [stdout]   --> src/ffi/mod.rs:15:19
[INFO] [stdout]    |
[INFO] [stdout] 15 | use libc::{c_int, uint8_t};
[INFO] [stdout]    |                   ^^^^^^^
[INFO] [stdout] 
[INFO] [stdout] 
[INFO] [stdout] warning: use of deprecated type alias `libc::uint8_t`: Use u8 instead.
[INFO] [stdout]   --> src/ffi/mod.rs:62:14
[INFO] [stdout]    |
[INFO] [stdout] 62 |     pub red: uint8_t,
[INFO] [stdout]    |              ^^^^^^^
[INFO] [stdout] 
[INFO] [stdout] 
[INFO] [stdout] warning: use of deprecated type alias `libc::uint8_t`: Use u8 instead.
[INFO] [stdout]   --> src/ffi/mod.rs:63:16
[INFO] [stdout]    |
[INFO] [stdout] 63 |     pub green: uint8_t,
[INFO] [stdout]    |                ^^^^^^^
[INFO] [stdout] 
[INFO] [stdout] 
[INFO] [stdout] warning: use of deprecated type alias `libc::uint8_t`: Use u8 instead.
[INFO] [stdout]   --> src/ffi/mod.rs:64:15
[INFO] [stdout]    |
[INFO] [stdout] 64 |     pub blue: uint8_t,
[INFO] [stdout]    |               ^^^^^^^
[INFO] [stdout] 
[INFO] [stdout] 
[INFO] [stdout] warning: use of deprecated type alias `libc::uint32_t`: Use u32 instead.
[INFO] [stdout]  --> src/ffi/cell.rs:1:27
[INFO] [stdout]   |
[INFO] [stdout] 1 | use libc::{c_int, c_uint, uint32_t, size_t, c_char};
[INFO] [stdout]   |                           ^^^^^^^^
[INFO] [stdout] 
[INFO] [stdout] 
[INFO] [stdout] warning: use of deprecated type alias `libc::uint32_t`: Use u32 instead.
[INFO] [stdout]   --> src/ffi/cell.rs:14:45
[INFO] [stdout]    |
[INFO] [stdout] 14 | ...                   chars: *mut uint32_t,
[INFO] [stdout]    |                                   ^^^^^^^^
[INFO] [stdout] 
[INFO] [stdout] 
[INFO] [stdout] warning: use of deprecated type alias `libc::uint32_t`: Use u32 instead.
[INFO] [stdout]   --> src/ffi/cell.rs:17:75
[INFO] [stdout]    |
[INFO] [stdout] 17 |     pub fn vterm_cell_set_chars(cell: *mut VTermScreenCell, chars: *const uint32_t, len: size_t);
[INFO] [stdout]    |                                                                           ^^^^^^^^
[INFO] [stdout] 
[INFO] [stdout] 
[INFO] [stdout] warning: use of deprecated type alias `libc::uint32_t`: Use u32 instead.
[INFO] [stdout]  --> src/ffi/screen.rs:1:35
[INFO] [stdout]   |
[INFO] [stdout] 1 | use libc::{c_int, c_void, size_t, uint32_t, c_char};
[INFO] [stdout]   |                                   ^^^^^^^^
[INFO] [stdout] 
[INFO] [stdout] 
[INFO] [stdout] warning: use of deprecated type alias `libc::uint32_t`: Use u32 instead.
[INFO] [stdout]   --> src/ffi/screen.rs:66:47
[INFO] [stdout]    |
[INFO] [stdout] 66 | ...                   chars: *mut uint32_t,
[INFO] [stdout]    |                                   ^^^^^^^^
[INFO] [stdout] 
[INFO] [stdout] 
[INFO] [stdout] warning: use of deprecated type alias `libc::uint32_t`: Use u32 instead.
[INFO] [stdout]  --> src/ffi/vterm.rs:1:19
[INFO] [stdout]   |
[INFO] [stdout] 1 | use libc::{c_int, uint32_t, size_t, c_char, c_uchar};
[INFO] [stdout]   |                   ^^^^^^^^
[INFO] [stdout] 
[INFO] [stdout] 
[INFO] [stdout] warning: use of deprecated type alias `libc::uint32_t`: Use u32 instead.
[INFO] [stdout]   --> src/ffi/vterm.rs:24:54
[INFO] [stdout]    |
[INFO] [stdout] 24 |     pub fn vterm_keyboard_unichar(vt: *mut VTerm, c: uint32_t, modifier: VTermModifier);
[INFO] [stdout]    |                                                      ^^^^^^^^
[INFO] [stdout] 
[INFO] [stdout] 
[INFO] [stdout] warning: use of deprecated type alias `libc::uint32_t`: Use u32 instead.
[INFO] [stdout]  --> src/ffi/glyph_info.rs:1:35
[INFO] [stdout]   |
[INFO] [stdout] 1 | use libc::{c_int, c_uint, size_t, uint32_t};
[INFO] [stdout]   |                                   ^^^^^^^^
[INFO] [stdout] 
[INFO] [stdout] 
[INFO] [stdout] warning: use of deprecated type alias `libc::uint32_t`: Use u32 instead.
[INFO] [stdout]  --> src/ffi/glyph_info.rs:8:51
[INFO] [stdout]   |
[INFO] [stdout] 8 | ...                   chars: *mut uint32_t,
[INFO] [stdout]   |                                   ^^^^^^^^
[INFO] [stdout] 
[INFO] [stdout] 
[INFO] [stdout] warning: use of deprecated type alias `libc::uint32_t`: Use u32 instead.
[INFO] [stdout]  --> src/glyph_info.rs:2:20
[INFO] [stdout]   |
[INFO] [stdout] 2 | use libc::{size_t, uint32_t};
[INFO] [stdout]   |                    ^^^^^^^^
[INFO] [stdout] 
[INFO] [stdout] 
[INFO] [stdout] warning: use of deprecated type alias `libc::uint32_t`: Use u32 instead.
[INFO] [stdout]   --> src/glyph_info.rs:17:29
[INFO] [stdout]    |
[INFO] [stdout] 17 |         let mut buf = [0 as uint32_t; ffi::VTERM_MAX_CHARS_PER_CELL];
[INFO] [stdout]    |                             ^^^^^^^^
[INFO] [stdout] 
[INFO] [stdout] 
[INFO] [stdout] warning: use of deprecated type alias `libc::uint32_t`: Use u32 instead.
[INFO] [stdout]  --> src/screen_cell.rs:2:12
[INFO] [stdout]   |
[INFO] [stdout] 2 | use libc::{uint32_t, size_t};
[INFO] [stdout]   |            ^^^^^^^^
[INFO] [stdout] 
[INFO] [stdout] 
[INFO] [stdout] warning: use of deprecated type alias `libc::uint32_t`: Use u32 instead.
[INFO] [stdout]   --> src/screen_cell.rs:50:29
[INFO] [stdout]    |
[INFO] [stdout] 50 |         let mut buf = [0 as uint32_t; ffi::VTERM_MAX_CHARS_PER_CELL];
[INFO] [stdout]    |                             ^^^^^^^^
[INFO] [stdout] 
[INFO] [stdout] 
[INFO] [stdout] error[E0658]: use of unstable library feature 'ptr_internals': use `NonNull` instead and consider `PhantomData<T>` (if you also use `#[may_dangle]`), `Send`, and/or `Sync`
[INFO] [stdout]  --> src/vterm.rs:3:5
[INFO] [stdout]   |
[INFO] [stdout] 3 | use std::ptr::Unique;
[INFO] [stdout]   |     ^^^^^^^^^^^^^^^^
[INFO] [stdout]   |
[INFO] [stdout]   = help: add `#![feature(ptr_internals)]` to the crate attributes to enable
[INFO] [stdout] 
[INFO] [stdout] 
[INFO] [stdout] error[E0658]: use of unstable library feature 'ptr_internals': use `NonNull` instead and consider `PhantomData<T>` (if you also use `#[may_dangle]`), `Send`, and/or `Sync`
[INFO] [stdout]  --> src/vterm.rs:9:14
[INFO] [stdout]   |
[INFO] [stdout] 9 |     pub ptr: Unique<ffi::VTerm>,
[INFO] [stdout]   |              ^^^^^^^^^^^^^^^^^^
[INFO] [stdout]   |
[INFO] [stdout]   = help: add `#![feature(ptr_internals)]` to the crate attributes to enable
[INFO] [stdout] 
[INFO] [stdout] 
[INFO] [stdout] error[E0658]: use of unstable library feature 'ptr_internals': use `NonNull` instead and consider `PhantomData<T>` (if you also use `#[may_dangle]`), `Send`, and/or `Sync`
[INFO] [stdout]   --> src/vterm.rs:14:21
[INFO] [stdout]    |
[INFO] [stdout] 14 |     pub screen_ptr: Unique<ffi::VTermScreen>,
[INFO] [stdout]    |                     ^^^^^^^^^^^^^^^^^^^^^^^^
[INFO] [stdout]    |
[INFO] [stdout]    = help: add `#![feature(ptr_internals)]` to the crate attributes to enable
[INFO] [stdout] 
[INFO] [stdout] 
[INFO] [stdout] error[E0658]: use of unstable library feature 'ptr_internals': use `NonNull` instead and consider `PhantomData<T>` (if you also use `#[may_dangle]`), `Send`, and/or `Sync`
[INFO] [stdout]   --> src/vterm.rs:19:20
[INFO] [stdout]    |
[INFO] [stdout] 19 |     pub state_ptr: Unique<ffi::VTermState>,
[INFO] [stdout]    |                    ^^^^^^^^^^^^^^^^^^^^^^^
[INFO] [stdout]    |
[INFO] [stdout]    = help: add `#![feature(ptr_internals)]` to the crate attributes to enable
[INFO] [stdout] 
[INFO] [stdout] 
[INFO] [stdout] error[E0658]: use of unstable library feature 'ptr_internals': use `NonNull` instead and consider `PhantomData<T>` (if you also use `#[may_dangle]`), `Send`, and/or `Sync`
[INFO] [stdout]   --> src/vterm.rs:26:13
[INFO] [stdout]    |
[INFO] [stdout] 26 |             Unique::new(ffi::vterm_new(size.height as c_int, size.width as c_int))
[INFO] [stdout]    |             ^^^^^^
[INFO] [stdout]    |
[INFO] [stdout]    = help: add `#![feature(ptr_internals)]` to the crate attributes to enable
[INFO] [stdout] 
[INFO] [stdout] 
[INFO] [stdout] error[E0658]: use of unstable library feature 'ptr_internals': use `NonNull` instead and consider `PhantomData<T>` (if you also use `#[may_dangle]`), `Send`, and/or `Sync`
[INFO] [stdout]   --> src/vterm.rs:28:35
[INFO] [stdout]    |
[INFO] [stdout] 28 |         let screen_ptr = unsafe { Unique::new(ffi::vterm_obtain_screen(vterm_ptr.get_mut())) };
[INFO] [stdout]    |                                   ^^^^^^
[INFO] [stdout]    |
[INFO] [stdout]    = help: add `#![feature(ptr_internals)]` to the crate attributes to enable
[INFO] [stdout] 
[INFO] [stdout] 
[INFO] [stdout] error[E0658]: use of unstable library feature 'ptr_internals': use `NonNull` instead and consider `PhantomData<T>` (if you also use `#[may_dangle]`), `Send`, and/or `Sync`
[INFO] [stdout]   --> src/vterm.rs:29:34
[INFO] [stdout]    |
[INFO] [stdout] 29 |         let state_ptr = unsafe { Unique::new(ffi::vterm_obtain_state(vterm_ptr.get_mut())) };
[INFO] [stdout]    |                                  ^^^^^^
[INFO] [stdout]    |
[INFO] [stdout]    = help: add `#![feature(ptr_internals)]` to the crate attributes to enable
[INFO] [stdout] 
[INFO] [stdout] 
[INFO] [stdout] error[E0599]: no method named `get_mut` found for struct `Unique<ffi::screen::VTermScreen>` in the current scope
[INFO] [stdout]    --> src/screen.rs:74:58
[INFO] [stdout]     |
[INFO] [stdout] 74  |         unsafe { ffi::vterm_screen_reset(self.screen_ptr.get_mut(), super::bool_to_int(is_hard)) }
[INFO] [stdout]     |                                                          ^^^^^^^ method not found in `Unique<ffi::screen::VTermScreen>`
[INFO] [stdout]     |
[INFO] [stdout] help: consider wrapping the receiver expression with the appropriate type
[INFO] [stdout]     |
[INFO] [stdout] 74  |         unsafe { ffi::vterm_screen_reset(Pin::new(&mut self.screen_ptr).get_mut(), super::bool_to_int(is_hard)) }
[INFO] [stdout]     |                                          ^^^^^^^^^^^^^                ^
[INFO] [stdout] 
[INFO] [stdout] 
[INFO] [stdout] error[E0599]: no method named `get` found for struct `Unique<ffi::screen::VTermScreen>` in the current scope
[INFO] [stdout]   --> src/screen.rs:88:56
[INFO] [stdout]    |
[INFO] [stdout] 88 |             ffi::vterm_screen_get_cell(self.screen_ptr.get(),
[INFO] [stdout]    |                                                        ^^^ method not found in `Unique<ffi::screen::VTermScreen>`
[INFO] [stdout] 
[INFO] [stdout] 
[INFO] [stdout] error[E0599]: no method named `get` found for struct `Unique<ffi::screen::VTermScreen>` in the current scope
[INFO] [stdout]    --> src/screen.rs:126:66
[INFO] [stdout]     |
[INFO] [stdout] 126 |             let len = ffi::vterm_screen_get_text(self.screen_ptr.get(),
[INFO] [stdout]     |                                                                  ^^^ method not found in `Unique<ffi::screen::VTermScreen>`
[INFO] [stdout] 
[INFO] [stdout] 
[INFO] [stdout] error[E0599]: no method named `get_mut` found for struct `Unique<ffi::screen::VTermScreen>` in the current scope
[INFO] [stdout]    --> src/screen.rs:137:65
[INFO] [stdout]     |
[INFO] [stdout] 137 |         unsafe { ffi::vterm_screen_flush_damage(self.screen_ptr.get_mut()) };
[INFO] [stdout]     |                                                                 ^^^^^^^ method not found in `Unique<ffi::screen::VTermScreen>`
[INFO] [stdout]     |
[INFO] [stdout] help: consider wrapping the receiver expression with the appropriate type
[INFO] [stdout]     |
[INFO] [stdout] 137 |         unsafe { ffi::vterm_screen_flush_damage(Pin::new(&mut self.screen_ptr).get_mut()) };
[INFO] [stdout]     |                                                 ^^^^^^^^^^^^^                ^
[INFO] [stdout] 
[INFO] [stdout] 
[INFO] [stdout] error[E0599]: no method named `get_mut` found for struct `Unique<ffi::screen::VTermScreen>` in the current scope
[INFO] [stdout]    --> src/screen.rs:147:69
[INFO] [stdout]     |
[INFO] [stdout] 147 |         unsafe { ffi::vterm_screen_set_damage_merge(self.screen_ptr.get_mut(), ffi_size) };
[INFO] [stdout]     |                                                                     ^^^^^^^ method not found in `Unique<ffi::screen::VTermScreen>`
[INFO] [stdout]     |
[INFO] [stdout] help: consider wrapping the receiver expression with the appropriate type
[INFO] [stdout]     |
[INFO] [stdout] 147 |         unsafe { ffi::vterm_screen_set_damage_merge(Pin::new(&mut self.screen_ptr).get_mut(), ffi_size) };
[INFO] [stdout]     |                                                     ^^^^^^^^^^^^^                ^
[INFO] [stdout] 
[INFO] [stdout] 
[INFO] [stdout] error[E0599]: no method named `get_mut` found for struct `Unique<ffi::screen::VTermScreen>` in the current scope
[INFO] [stdout]    --> src/screen.rs:217:61
[INFO] [stdout]     |
[INFO] [stdout] 217 |             ffi::vterm_screen_set_callbacks(self.screen_ptr.get_mut(),
[INFO] [stdout]     |                                                             ^^^^^^^ method not found in `Unique<ffi::screen::VTermScreen>`
[INFO] [stdout]     |
[INFO] [stdout] help: consider wrapping the receiver expression with the appropriate type
[INFO] [stdout]     |
[INFO] [stdout] 217 |             ffi::vterm_screen_set_callbacks(Pin::new(&mut self.screen_ptr).get_mut(),
[INFO] [stdout]     |                                             ^^^^^^^^^^^^^                ^
[INFO] [stdout] 
[INFO] [stdout] 
[INFO] [stdout] error[E0599]: no method named `get` found for struct `Unique<ffi::state::VTermState>` in the current scope
[INFO] [stdout]   --> src/state.rs:90:64
[INFO] [stdout]    |
[INFO] [stdout] 90 |             ffi::vterm_state_get_default_colors(self.state_ptr.get(), &mut fg_rgb, &mut bg_rgb)
[INFO] [stdout]    |                                                                ^^^ method not found in `Unique<ffi::state::VTermState>`
[INFO] [stdout] 
[INFO] [stdout] 
[INFO] [stdout] error[E0599]: no method named `get_mut` found for struct `Unique<ffi::state::VTermState>` in the current scope
[INFO] [stdout]    --> src/state.rs:118:64
[INFO] [stdout]     |
[INFO] [stdout] 118 |             ffi::vterm_state_set_default_colors(self.state_ptr.get_mut(), &fg_rgb, &bg_rgb);
[INFO] [stdout]     |                                                                ^^^^^^^ method not found in `Unique<ffi::state::VTermState>`
[INFO] [stdout]     |
[INFO] [stdout] help: consider wrapping the receiver expression with the appropriate type
[INFO] [stdout]     |
[INFO] [stdout] 118 |             ffi::vterm_state_set_default_colors(Pin::new(&mut self.state_ptr).get_mut(), &fg_rgb, &bg_rgb);
[INFO] [stdout]     |                                                 ^^^^^^^^^^^^^               ^
[INFO] [stdout] 
[INFO] [stdout] 
[INFO] [stdout] error[E0599]: no method named `get` found for struct `Unique<ffi::state::VTermState>` in the current scope
[INFO] [stdout]    --> src/state.rs:125:63
[INFO] [stdout]     |
[INFO] [stdout] 125 |             ffi::vterm_state_get_palette_color(self.state_ptr.get(),
[INFO] [stdout]     |                                                               ^^^ method not found in `Unique<ffi::state::VTermState>`
[INFO] [stdout] 
[INFO] [stdout] 
[INFO] [stdout] error[E0599]: no method named `get_mut` found for struct `Unique<ffi::state::VTermState>` in the current scope
[INFO] [stdout]    --> src/state.rs:159:51
[INFO] [stdout]     |
[INFO] [stdout] 159 |             ffi::vterm_state_reset(self.state_ptr.get_mut(), ::bool_to_int(hard));
[INFO] [stdout]     |                                                   ^^^^^^^ method not found in `Unique<ffi::state::VTermState>`
[INFO] [stdout]     |
[INFO] [stdout] help: consider wrapping the receiver expression with the appropriate type
[INFO] [stdout]     |
[INFO] [stdout] 159 |             ffi::vterm_state_reset(Pin::new(&mut self.state_ptr).get_mut(), ::bool_to_int(hard));
[INFO] [stdout]     |                                    ^^^^^^^^^^^^^               ^
[INFO] [stdout] 
[INFO] [stdout] 
[INFO] [stdout] error[E0599]: no method named `get_mut` found for struct `Unique<ffi::state::VTermState>` in the current scope
[INFO] [stdout]    --> src/state.rs:233:59
[INFO] [stdout]     |
[INFO] [stdout] 233 |             ffi::vterm_state_set_callbacks(self.state_ptr.get_mut(),
[INFO] [stdout]     |                                                           ^^^^^^^ method not found in `Unique<ffi::state::VTermState>`
[INFO] [stdout]     |
[INFO] [stdout] help: consider wrapping the receiver expression with the appropriate type
[INFO] [stdout]     |
[INFO] [stdout] 233 |             ffi::vterm_state_set_callbacks(Pin::new(&mut self.state_ptr).get_mut(),
[INFO] [stdout]     |                                            ^^^^^^^^^^^^^               ^
[INFO] [stdout] 
[INFO] [stdout] 
[INFO] [stdout] error[E0658]: use of unstable library feature 'ptr_internals'
[INFO] [stdout]   --> src/vterm.rs:26:13
[INFO] [stdout]    |
[INFO] [stdout] 26 |             Unique::new(ffi::vterm_new(size.height as c_int, size.width as c_int))
[INFO] [stdout]    |             ^^^^^^^^^^^
[INFO] [stdout]    |
[INFO] [stdout]    = help: add `#![feature(ptr_internals)]` to the crate attributes to enable
[INFO] [stdout] 
[INFO] [stdout] 
[INFO] [stdout] error[E0658]: use of unstable library feature 'ptr_internals'
[INFO] [stdout]   --> src/vterm.rs:28:35
[INFO] [stdout]    |
[INFO] [stdout] 28 |         let screen_ptr = unsafe { Unique::new(ffi::vterm_obtain_screen(vterm_ptr.get_mut())) };
[INFO] [stdout]    |                                   ^^^^^^^^^^^
[INFO] [stdout]    |
[INFO] [stdout]    = help: add `#![feature(ptr_internals)]` to the crate attributes to enable
[INFO] [stdout] 
[INFO] [stdout] 
[INFO] [stdout] error[E0599]: no method named `get_mut` found for enum `Option<Unique<ffi::vterm::VTerm>>` in the current scope
[INFO] [stdout]    --> src/vterm.rs:28:82
[INFO] [stdout]     |
[INFO] [stdout] 28  |         let screen_ptr = unsafe { Unique::new(ffi::vterm_obtain_screen(vterm_ptr.get_mut())) };
[INFO] [stdout]     |                                                                                  ^^^^^^^ method not found in `Option<Unique<ffi::vterm::VTerm>>`
[INFO] [stdout]     |
[INFO] [stdout] help: consider wrapping the receiver expression with the appropriate type
[INFO] [stdout]     |
[INFO] [stdout] 28  |         let screen_ptr = unsafe { Unique::new(ffi::vterm_obtain_screen(Pin::new(&mut vterm_ptr).get_mut())) };
[INFO] [stdout]     |                                                                        ^^^^^^^^^^^^^          ^
[INFO] [stdout] 
[INFO] [stdout] 
[INFO] [stdout] error[E0658]: use of unstable library feature 'ptr_internals'
[INFO] [stdout]   --> src/vterm.rs:29:34
[INFO] [stdout]    |
[INFO] [stdout] 29 |         let state_ptr = unsafe { Unique::new(ffi::vterm_obtain_state(vterm_ptr.get_mut())) };
[INFO] [stdout]    |                                  ^^^^^^^^^^^
[INFO] [stdout]    |
[INFO] [stdout]    = help: add `#![feature(ptr_internals)]` to the crate attributes to enable
[INFO] [stdout] 
[INFO] [stdout] 
[INFO] [stdout] error[E0599]: no method named `get_mut` found for enum `Option<Unique<ffi::vterm::VTerm>>` in the current scope
[INFO] [stdout]    --> src/vterm.rs:29:80
[INFO] [stdout]     |
[INFO] [stdout] 29  |         let state_ptr = unsafe { Unique::new(ffi::vterm_obtain_state(vterm_ptr.get_mut())) };
[INFO] [stdout]     |                                                                                ^^^^^^^ method not found in `Option<Unique<ffi::vterm::VTerm>>`
[INFO] [stdout]     |
[INFO] [stdout] help: consider wrapping the receiver expression with the appropriate type
[INFO] [stdout]     |
[INFO] [stdout] 29  |         let state_ptr = unsafe { Unique::new(ffi::vterm_obtain_state(Pin::new(&mut vterm_ptr).get_mut())) };
[INFO] [stdout]     |                                                                      ^^^^^^^^^^^^^          ^
[INFO] [stdout] 
[INFO] [stdout] 
[INFO] [stdout] error[E0308]: mismatched types
[INFO] [stdout]   --> src/vterm.rs:32:18
[INFO] [stdout]    |
[INFO] [stdout] 32 |             ptr: vterm_ptr,
[INFO] [stdout]    |                  ^^^^^^^^^ expected struct `Unique`, found enum `Option`
[INFO] [stdout]    |
[INFO] [stdout]    = note: expected struct `Unique<_>`
[INFO] [stdout]                 found enum `Option<Unique<_>>`
[INFO] [stdout] 
[INFO] [stdout] 
[INFO] [stdout] error[E0308]: mismatched types
[INFO] [stdout]   --> src/vterm.rs:36:25
[INFO] [stdout]    |
[INFO] [stdout] 36 |             screen_ptr: screen_ptr,
[INFO] [stdout]    |                         ^^^^^^^^^^ expected struct `Unique`, found enum `Option`
[INFO] [stdout]    |
[INFO] [stdout]    = note: expected struct `Unique<_>`
[INFO] [stdout]                 found enum `Option<Unique<_>>`
[INFO] [stdout] 
[INFO] [stdout] 
[INFO] [stdout] error[E0308]: mismatched types
[INFO] [stdout]   --> src/vterm.rs:41:24
[INFO] [stdout]    |
[INFO] [stdout] 41 |             state_ptr: state_ptr,
[INFO] [stdout]    |                        ^^^^^^^^^ expected struct `Unique`, found enum `Option`
[INFO] [stdout]    |
[INFO] [stdout]    = note: expected struct `Unique<_>`
[INFO] [stdout]                 found enum `Option<Unique<_>>`
[INFO] [stdout] 
[INFO] [stdout] 
[INFO] [stdout] error[E0599]: no method named `get` found for struct `Unique<ffi::vterm::VTerm>` in the current scope
[INFO] [stdout]   --> src/vterm.rs:53:42
[INFO] [stdout]    |
[INFO] [stdout] 53 |             ffi::vterm_get_size(self.ptr.get(), &mut rows, &mut cols);
[INFO] [stdout]    |                                          ^^^ method not found in `Unique<ffi::vterm::VTerm>`
[INFO] [stdout] 
[INFO] [stdout] 
[INFO] [stdout] error[E0599]: no method named `get_mut` found for struct `Unique<ffi::vterm::VTerm>` in the current scope
[INFO] [stdout]    --> src/vterm.rs:63:42
[INFO] [stdout]     |
[INFO] [stdout] 63  |             ffi::vterm_set_size(self.ptr.get_mut(),
[INFO] [stdout]     |                                          ^^^^^^^ method not found in `Unique<ffi::vterm::VTerm>`
[INFO] [stdout]     |
[INFO] [stdout] help: consider wrapping the receiver expression with the appropriate type
[INFO] [stdout]     |
[INFO] [stdout] 63  |             ffi::vterm_set_size(Pin::new(&mut self.ptr).get_mut(),
[INFO] [stdout]     |                                 ^^^^^^^^^^^^^         ^
[INFO] [stdout] 
[INFO] [stdout] 
[INFO] [stdout] error[E0599]: no method named `get` found for struct `Unique<ffi::vterm::VTerm>` in the current scope
[INFO] [stdout]   --> src/vterm.rs:70:66
[INFO] [stdout]    |
[INFO] [stdout] 70 |         unsafe { super::int_to_bool(ffi::vterm_get_utf8(self.ptr.get())) }
[INFO] [stdout]    |                                                                  ^^^ method not found in `Unique<ffi::vterm::VTerm>`
[INFO] [stdout] 
[INFO] [stdout] 
[INFO] [stdout] error[E0599]: no method named `get_mut` found for struct `Unique<ffi::vterm::VTerm>` in the current scope
[INFO] [stdout]    --> src/vterm.rs:74:47
[INFO] [stdout]     |
[INFO] [stdout] 74  |         unsafe { ffi::vterm_set_utf8(self.ptr.get_mut(), super::bool_to_int(is_utf8)) }
[INFO] [stdout]     |                                               ^^^^^^^ method not found in `Unique<ffi::vterm::VTerm>`
[INFO] [stdout]     |
[INFO] [stdout] help: consider wrapping the receiver expression with the appropriate type
[INFO] [stdout]     |
[INFO] [stdout] 74  |         unsafe { ffi::vterm_set_utf8(Pin::new(&mut self.ptr).get_mut(), super::bool_to_int(is_utf8)) }
[INFO] [stdout]     |                                      ^^^^^^^^^^^^^         ^
[INFO] [stdout] 
[INFO] [stdout] 
[INFO] [stdout] error[E0599]: no method named `get_mut` found for struct `Unique<ffi::vterm::VTerm>` in the current scope
[INFO] [stdout]    --> src/vterm.rs:81:45
[INFO] [stdout]     |
[INFO] [stdout] 81  |             ffi::vterm_input_write(self.ptr.get_mut(), buf.as_ptr(), buf.len() as size_t) as usize
[INFO] [stdout]     |                                             ^^^^^^^ method not found in `Unique<ffi::vterm::VTerm>`
[INFO] [stdout]     |
[INFO] [stdout] help: consider wrapping the receiver expression with the appropriate type
[INFO] [stdout]     |
[INFO] [stdout] 81  |             ffi::vterm_input_write(Pin::new(&mut self.ptr).get_mut(), buf.as_ptr(), buf.len() as size_t) as usize
[INFO] [stdout]     |                                    ^^^^^^^^^^^^^         ^
[INFO] [stdout] 
[INFO] [stdout] 
[INFO] [stdout] error[E0599]: no method named `get_mut` found for struct `Unique<ffi::vterm::VTerm>` in the current scope
[INFO] [stdout]    --> src/vterm.rs:94:43
[INFO] [stdout]     |
[INFO] [stdout] 94  |         unsafe { ffi::vterm_free(self.ptr.get_mut()) }
[INFO] [stdout]     |                                           ^^^^^^^ method not found in `Unique<ffi::vterm::VTerm>`
[INFO] [stdout]     |
[INFO] [stdout] help: consider wrapping the receiver expression with the appropriate type
[INFO] [stdout]     |
[INFO] [stdout] 94  |         unsafe { ffi::vterm_free(Pin::new(&mut self.ptr).get_mut()) }
[INFO] [stdout]     |                                  ^^^^^^^^^^^^^         ^
[INFO] [stdout] 
[INFO] [stdout] 
[INFO] [stdout] error: aborting due to 32 previous errors; 76 warnings emitted
[INFO] [stdout] 
[INFO] [stdout] 
[INFO] [stdout] Some errors have detailed explanations: E0308, E0599, E0658.
[INFO] [stdout] 
[INFO] [stdout] For more information about an error, try `rustc --explain E0308`.
[INFO] [stdout] 
[INFO] [stderr] The following warnings were emitted during compilation:
[INFO] [stderr] 
[INFO] [stderr] warning: /opt/rustwide/workdir/vendor/libvterm/src/encoding.c: In function 'init_utf8':
[INFO] [stderr] warning: /opt/rustwide/workdir/vendor/libvterm/src/encoding.c:20:38: warning: unused parameter 'enc' [-Wunused-parameter]
[INFO] [stderr] warning:    20 | static void init_utf8(VTermEncoding *enc, void *data_)
[INFO] [stderr] warning:       |                       ~~~~~~~~~~~~~~~^~~
[INFO] [stderr] warning: /opt/rustwide/workdir/vendor/libvterm/src/encoding.c: In function 'decode_utf8':
[INFO] [stderr] warning: /opt/rustwide/workdir/vendor/libvterm/src/encoding.c:79:11: warning: this 'if' clause does not guard... [-Wmisleading-indentation]
[INFO] [stderr] warning:    79 |           if(data->this_cp <  0x0080) data->this_cp = UNICODE_INVALID; break;
[INFO] [stderr] warning:       |           ^~
[INFO] [stderr] warning: /opt/rustwide/workdir/vendor/libvterm/src/encoding.c:79:72: note: ...this statement, but the latter is misleadingly indented as if it were guarded by the 'if'
[INFO] [stderr] warning:    79 |           if(data->this_cp <  0x0080) data->this_cp = UNICODE_INVALID; break;
[INFO] [stderr] warning:       |                                                                        ^~~~~
[INFO] [stderr] warning: /opt/rustwide/workdir/vendor/libvterm/src/encoding.c:81:11: warning: this 'if' clause does not guard... [-Wmisleading-indentation]
[INFO] [stderr] warning:    81 |           if(data->this_cp <  0x0800) data->this_cp = UNICODE_INVALID; break;
[INFO] [stderr] warning:       |           ^~
[INFO] [stderr] warning: /opt/rustwide/workdir/vendor/libvterm/src/encoding.c:81:72: note: ...this statement, but the latter is misleadingly indented as if it were guarded by the 'if'
[INFO] [stderr] warning:    81 |           if(data->this_cp <  0x0800) data->this_cp = UNICODE_INVALID; break;
[INFO] [stderr] warning:       |                                                                        ^~~~~
[INFO] [stderr] warning: /opt/rustwide/workdir/vendor/libvterm/src/encoding.c:83:11: warning: this 'if' clause does not guard... [-Wmisleading-indentation]
[INFO] [stderr] warning:    83 |           if(data->this_cp < 0x10000) data->this_cp = UNICODE_INVALID; break;
[INFO] [stderr] warning:       |           ^~
[INFO] [stderr] warning: /opt/rustwide/workdir/vendor/libvterm/src/encoding.c:83:72: note: ...this statement, but the latter is misleadingly indented as if it were guarded by the 'if'
[INFO] [stderr] warning:    83 |           if(data->this_cp < 0x10000) data->this_cp = UNICODE_INVALID; break;
[INFO] [stderr] warning:       |                                                                        ^~~~~
[INFO] [stderr] warning: /opt/rustwide/workdir/vendor/libvterm/src/encoding.c:85:11: warning: this 'if' clause does not guard... [-Wmisleading-indentation]
[INFO] [stderr] warning:    85 |           if(data->this_cp < 0x200000) data->this_cp = UNICODE_INVALID; break;
[INFO] [stderr] warning:       |           ^~
[INFO] [stderr] warning: /opt/rustwide/workdir/vendor/libvterm/src/encoding.c:85:73: note: ...this statement, but the latter is misleadingly indented as if it were guarded by the 'if'
[INFO] [stderr] warning:    85 |           if(data->this_cp < 0x200000) data->this_cp = UNICODE_INVALID; break;
[INFO] [stderr] warning:       |                                                                         ^~~~~
[INFO] [stderr] warning: /opt/rustwide/workdir/vendor/libvterm/src/encoding.c:87:11: warning: this 'if' clause does not guard... [-Wmisleading-indentation]
[INFO] [stderr] warning:    87 |           if(data->this_cp < 0x4000000) data->this_cp = UNICODE_INVALID; break;
[INFO] [stderr] warning:       |           ^~
[INFO] [stderr] warning: /opt/rustwide/workdir/vendor/libvterm/src/encoding.c:87:74: note: ...this statement, but the latter is misleadingly indented as if it were guarded by the 'if'
[INFO] [stderr] warning:    87 |           if(data->this_cp < 0x4000000) data->this_cp = UNICODE_INVALID; break;
[INFO] [stderr] warning:       |                                                                          ^~~~~
[INFO] [stderr] warning: /opt/rustwide/workdir/vendor/libvterm/src/encoding.c:28:40: warning: unused parameter 'enc' [-Wunused-parameter]
[INFO] [stderr] warning:    28 | static void decode_utf8(VTermEncoding *enc, void *data_,
[INFO] [stderr] warning:       |                         ~~~~~~~~~~~~~~~^~~
[INFO] [stderr] warning: /opt/rustwide/workdir/vendor/libvterm/src/encoding.c: In function 'decode_usascii':
[INFO] [stderr] warning: /opt/rustwide/workdir/vendor/libvterm/src/encoding.c:157:43: warning: unused parameter 'enc' [-Wunused-parameter]
[INFO] [stderr] warning:   157 | static void decode_usascii(VTermEncoding *enc, void *data,
[INFO] [stderr] warning:       |                            ~~~~~~~~~~~~~~~^~~
[INFO] [stderr] warning: /opt/rustwide/workdir/vendor/libvterm/src/encoding.c:157:54: warning: unused parameter 'data' [-Wunused-parameter]
[INFO] [stderr] warning:   157 | static void decode_usascii(VTermEncoding *enc, void *data,
[INFO] [stderr] warning:       |                                                ~~~~~~^~~~
[INFO] [stderr] warning: /opt/rustwide/workdir/vendor/libvterm/src/encoding.c: In function 'decode_table':
[INFO] [stderr] warning: /opt/rustwide/workdir/vendor/libvterm/src/encoding.c:182:52: warning: unused parameter 'data' [-Wunused-parameter]
[INFO] [stderr] warning:   182 | static void decode_table(VTermEncoding *enc, void *data,
[INFO] [stderr] warning:       |                                              ~~~~~~^~~~
[INFO] [stderr] warning: /opt/rustwide/workdir/vendor/libvterm/src/keyboard.c:69:3: warning: missing initializer for field 'csinum' of 'keycodes_s' {aka 'struct <anonymous>'} [-Wmissing-field-initializers]
[INFO] [stderr] warning:    69 |   { KEYCODE_ENTER,   '\r'   }, // ENTER
[INFO] [stderr] warning:       |   ^
[INFO] [stderr] warning: /opt/rustwide/workdir/vendor/libvterm/src/keyboard.c:63:7: note: 'csinum' declared here
[INFO] [stderr] warning:    63 |   int csinum;
[INFO] [stderr] warning:       |       ^~~~~~
[INFO] [stderr] warning: /opt/rustwide/workdir/vendor/libvterm/src/keyboard.c:70:3: warning: missing initializer for field 'csinum' of 'keycodes_s' {aka 'struct <anonymous>'} [-Wmissing-field-initializers]
[INFO] [stderr] warning:    70 |   { KEYCODE_TAB,     '\t'   }, // TAB
[INFO] [stderr] warning:       |   ^
[INFO] [stderr] warning: /opt/rustwide/workdir/vendor/libvterm/src/keyboard.c:63:7: note: 'csinum' declared here
[INFO] [stderr] warning:    63 |   int csinum;
[INFO] [stderr] warning:       |       ^~~~~~
[INFO] [stderr] warning: /opt/rustwide/workdir/vendor/libvterm/src/keyboard.c:71:3: warning: missing initializer for field 'csinum' of 'keycodes_s' {aka 'struct <anonymous>'} [-Wmissing-field-initializers]
[INFO] [stderr] warning:    71 |   { KEYCODE_LITERAL, '\x7f' }, // BACKSPACE == ASCII DEL
[INFO] [stderr] warning:       |   ^
[INFO] [stderr] warning: /opt/rustwide/workdir/vendor/libvterm/src/keyboard.c:63:7: note: 'csinum' declared here
[INFO] [stderr] warning:    63 |   int csinum;
[INFO] [stderr] warning:       |       ^~~~~~
[INFO] [stderr] warning: /opt/rustwide/workdir/vendor/libvterm/src/keyboard.c:72:3: warning: missing initializer for field 'csinum' of 'keycodes_s' {aka 'struct <anonymous>'} [-Wmissing-field-initializers]
[INFO] [stderr] warning:    72 |   { KEYCODE_LITERAL, '\e'   }, // ESCAPE
[INFO] [stderr] warning:       |   ^
[INFO] [stderr] warning: /opt/rustwide/workdir/vendor/libvterm/src/keyboard.c:63:7: note: 'csinum' declared here
[INFO] [stderr] warning:    63 |   int csinum;
[INFO] [stderr] warning:       |       ^~~~~~
[INFO] [stderr] warning: /opt/rustwide/workdir/vendor/libvterm/src/keyboard.c:74:3: warning: missing initializer for field 'csinum' of 'keycodes_s' {aka 'struct <anonymous>'} [-Wmissing-field-initializers]
[INFO] [stderr] warning:    74 |   { KEYCODE_CSI_CURSOR, 'A' }, // UP
[INFO] [stderr] warning:       |   ^
[INFO] [stderr] warning: /opt/rustwide/workdir/vendor/libvterm/src/keyboard.c:63:7: note: 'csinum' declared here
[INFO] [stderr] warning:    63 |   int csinum;
[INFO] [stderr] warning:       |       ^~~~~~
[INFO] [stderr] warning: /opt/rustwide/workdir/vendor/libvterm/src/keyboard.c:75:3: warning: missing initializer for field 'csinum' of 'keycodes_s' {aka 'struct <anonymous>'} [-Wmissing-field-initializers]
[INFO] [stderr] warning:    75 |   { KEYCODE_CSI_CURSOR, 'B' }, // DOWN
[INFO] [stderr] warning:       |   ^
[INFO] [stderr] warning: /opt/rustwide/workdir/vendor/libvterm/src/keyboard.c:63:7: note: 'csinum' declared here
[INFO] [stderr] warning:    63 |   int csinum;
[INFO] [stderr] warning:       |       ^~~~~~
[INFO] [stderr] warning: /opt/rustwide/workdir/vendor/libvterm/src/keyboard.c:76:3: warning: missing initializer for field 'csinum' of 'keycodes_s' {aka 'struct <anonymous>'} [-Wmissing-field-initializers]
[INFO] [stderr] warning:    76 |   { KEYCODE_CSI_CURSOR, 'D' }, // LEFT
[INFO] [stderr] warning:       |   ^
[INFO] [stderr] warning: /opt/rustwide/workdir/vendor/libvterm/src/keyboard.c:63:7: note: 'csinum' declared here
[INFO] [stderr] warning:    63 |   int csinum;
[INFO] [stderr] warning:       |       ^~~~~~
[INFO] [stderr] warning: /opt/rustwide/workdir/vendor/libvterm/src/keyboard.c:77:3: warning: missing initializer for field 'csinum' of 'keycodes_s' {aka 'struct <anonymous>'} [-Wmissing-field-initializers]
[INFO] [stderr] warning:    77 |   { KEYCODE_CSI_CURSOR, 'C' }, // RIGHT
[INFO] [stderr] warning:       |   ^
[INFO] [stderr] warning: /opt/rustwide/workdir/vendor/libvterm/src/keyboard.c:63:7: note: 'csinum' declared here
[INFO] [stderr] warning:    63 |   int csinum;
[INFO] [stderr] warning:       |       ^~~~~~
[INFO] [stderr] warning: /opt/rustwide/workdir/vendor/libvterm/src/keyboard.c:81:3: warning: missing initializer for field 'csinum' of 'keycodes_s' {aka 'struct <anonymous>'} [-Wmissing-field-initializers]
[INFO] [stderr] warning:    81 |   { KEYCODE_CSI_CURSOR, 'H' }, // HOME
[INFO] [stderr] warning:       |   ^
[INFO] [stderr] warning: /opt/rustwide/workdir/vendor/libvterm/src/keyboard.c:63:7: note: 'csinum' declared here
[INFO] [stderr] warning:    63 |   int csinum;
[INFO] [stderr] warning:       |       ^~~~~~
[INFO] [stderr] warning: /opt/rustwide/workdir/vendor/libvterm/src/keyboard.c:82:3: warning: missing initializer for field 'csinum' of 'keycodes_s' {aka 'struct <anonymous>'} [-Wmissing-field-initializers]
[INFO] [stderr] warning:    82 |   { KEYCODE_CSI_CURSOR, 'F' }, // END
[INFO] [stderr] warning:       |   ^
[INFO] [stderr] warning: /opt/rustwide/workdir/vendor/libvterm/src/keyboard.c:63:7: note: 'csinum' declared here
[INFO] [stderr] warning:    63 |   int csinum;
[INFO] [stderr] warning:       |       ^~~~~~
[INFO] [stderr] warning: /opt/rustwide/workdir/vendor/libvterm/src/keyboard.c:89:3: warning: missing initializer for field 'csinum' of 'keycodes_s' {aka 'struct <anonymous>'} [-Wmissing-field-initializers]
[INFO] [stderr] warning:    89 |   { KEYCODE_CSI_CURSOR, 'P' }, // F1
[INFO] [stderr] warning:       |   ^
[INFO] [stderr] warning: /opt/rustwide/workdir/vendor/libvterm/src/keyboard.c:63:7: note: 'csinum' declared here
[INFO] [stderr] warning:    63 |   int csinum;
[INFO] [stderr] warning:       |       ^~~~~~
[INFO] [stderr] warning: /opt/rustwide/workdir/vendor/libvterm/src/keyboard.c:90:3: warning: missing initializer for field 'csinum' of 'keycodes_s' {aka 'struct <anonymous>'} [-Wmissing-field-initializers]
[INFO] [stderr] warning:    90 |   { KEYCODE_CSI_CURSOR, 'Q' }, // F2
[INFO] [stderr] warning:       |   ^
[INFO] [stderr] warning: /opt/rustwide/workdir/vendor/libvterm/src/keyboard.c:63:7: note: 'csinum' declared here
[INFO] [stderr] warning:    63 |   int csinum;
[INFO] [stderr] warning:       |       ^~~~~~
[INFO] [stderr] warning: /opt/rustwide/workdir/vendor/libvterm/src/keyboard.c:91:3: warning: missing initializer for field 'csinum' of 'keycodes_s' {aka 'struct <anonymous>'} [-Wmissing-field-initializers]
[INFO] [stderr] warning:    91 |   { KEYCODE_CSI_CURSOR, 'R' }, // F3
[INFO] [stderr] warning:       |   ^
[INFO] [stderr] warning: /opt/rustwide/workdir/vendor/libvterm/src/keyboard.c:63:7: note: 'csinum' declared here
[INFO] [stderr] warning:    63 |   int csinum;
[INFO] [stderr] warning:       |       ^~~~~~
[INFO] [stderr] warning: /opt/rustwide/workdir/vendor/libvterm/src/keyboard.c:92:3: warning: missing initializer for field 'csinum' of 'keycodes_s' {aka 'struct <anonymous>'} [-Wmissing-field-initializers]
[INFO] [stderr] warning:    92 |   { KEYCODE_CSI_CURSOR, 'S' }, // F4
[INFO] [stderr] warning:       |   ^
[INFO] [stderr] warning: /opt/rustwide/workdir/vendor/libvterm/src/keyboard.c:63:7: note: 'csinum' declared here
[INFO] [stderr] warning:    63 |   int csinum;
[INFO] [stderr] warning:       |       ^~~~~~
[INFO] [stderr] warning: /opt/rustwide/workdir/vendor/libvterm/src/parser.c: In function 'do_string_csi':
[INFO] [stderr] warning: /opt/rustwide/workdir/vendor/libvterm/src/parser.c:27:12: warning: comparison of integer expressions of different signedness: 'int' and 'size_t' {aka 'long unsigned int'} [-Wsign-compare]
[INFO] [stderr] warning:    27 |   for( ; i < arglen; i++) {
[INFO] [stderr] warning:       |            ^
[INFO] [stderr] warning: /opt/rustwide/workdir/vendor/libvterm/src/parser.c:38:12: warning: comparison of integer expressions of different signedness: 'int' and 'size_t' {aka 'long unsigned int'} [-Wsign-compare]
[INFO] [stderr] warning:    38 |   for( ; i < arglen; i++)
[INFO] [stderr] warning:       |            ^
[INFO] [stderr] warning: /opt/rustwide/workdir/vendor/libvterm/src/parser.c:52:24: warning: comparison of integer expressions of different signedness: 'int' and 'size_t' {aka 'long unsigned int'} [-Wsign-compare]
[INFO] [stderr] warning:    52 |   for(i = leaderlen; i < arglen && argi < argcount; i++) {
[INFO] [stderr] warning:       |                        ^
[INFO] [stderr] warning: /opt/rustwide/workdir/vendor/libvterm/src/parser.c:76:12: warning: comparison of integer expressions of different signedness: 'int' and 'size_t' {aka 'long unsigned int'} [-Wsign-compare]
[INFO] [stderr] warning:    76 |   for( ; i < arglen; i++) {
[INFO] [stderr] warning:       |            ^
[INFO] [stderr] warning: /opt/rustwide/workdir/vendor/libvterm/src/parser.c:86:8: warning: comparison of integer expressions of different signedness: 'int' and 'size_t' {aka 'long unsigned int'} [-Wsign-compare]
[INFO] [stderr] warning:    86 |   if(i < arglen) {
[INFO] [stderr] warning:       |        ^
[INFO] [stderr] warning: /opt/rustwide/workdir/vendor/libvterm/src/pen.c: In function 'setpenattr':
[INFO] [stderr] warning: /opt/rustwide/workdir/vendor/libvterm/src/pen.c:105:74: warning: unused parameter 'type' [-Wunused-parameter]
[INFO] [stderr] warning:   105 | static void setpenattr(VTermState *state, VTermAttr attr, VTermValueType type, VTermValue *val)
[INFO] [stderr] warning:       |                                                           ~~~~~~~~~~~~~~~^~~~
[INFO] [stderr] warning: /opt/rustwide/workdir/vendor/libvterm/src/pen.c: In function 'vterm_state_setpen':
[INFO] [stderr] warning: /opt/rustwide/workdir/vendor/libvterm/src/pen.c:375:58: warning: suggest braces around empty body in an 'if' statement [-Wempty-body]
[INFO] [stderr] warning:   375 |       DEBUG_LOG("libvterm: Unhandled CSI SGR %lu\n", arg);
[INFO] [stderr] warning:       |                                                          ^
[INFO] [stderr] warning: /opt/rustwide/workdir/vendor/libvterm/src/pen.c: In function 'vterm_state_getpen':
[INFO] [stderr] warning: /opt/rustwide/workdir/vendor/libvterm/src/pen.c:381:69: warning: unused parameter 'argcount' [-Wunused-parameter]
[INFO] [stderr] warning:   381 | INTERNAL int vterm_state_getpen(VTermState *state, long args[], int argcount)
[INFO] [stderr] warning:       |                                                                 ~~~~^~~~~~~~
[INFO] [stderr] warning: /opt/rustwide/workdir/vendor/libvterm/src/screen.c: In function 'erase_user':
[INFO] [stderr] warning: /opt/rustwide/workdir/vendor/libvterm/src/screen.c:288:43: warning: unused parameter 'selective' [-Wunused-parameter]
[INFO] [stderr] warning:   288 | static int erase_user(VTermRect rect, int selective, void *user)
[INFO] [stderr] warning:       |                                       ~~~~^~~~~~~~~
[INFO] [stderr] warning: /opt/rustwide/workdir/vendor/libvterm/src/state.c: In function 'on_text':
[INFO] [stderr] warning: /opt/rustwide/workdir/vendor/libvterm/src/state.c:268:20: warning: comparison of integer expressions of different signedness: 'int' and 'size_t' {aka 'long unsigned int'} [-Wsign-compare]
[INFO] [stderr] warning:   268 |         if(saved_i >= state->combine_chars_size)
[INFO] [stderr] warning:       |                    ^~
[INFO] [stderr] warning: /opt/rustwide/workdir/vendor/libvterm/src/state.c:272:18: warning: comparison of integer expressions of different signedness: 'int' and 'size_t' {aka 'long unsigned int'} [-Wsign-compare]
[INFO] [stderr] warning:   272 |       if(saved_i >= state->combine_chars_size)
[INFO] [stderr] warning:       |                  ^~
[INFO] [stderr] warning: /opt/rustwide/workdir/vendor/libvterm/src/state.c:352:19: warning: comparison of integer expressions of different signedness: 'int' and 'size_t' {aka 'long unsigned int'} [-Wsign-compare]
[INFO] [stderr] warning:   352 |         if(save_i >= state->combine_chars_size)
[INFO] [stderr] warning:       |                   ^~
[INFO] [stderr] warning: /opt/rustwide/workdir/vendor/libvterm/src/state.c:356:17: warning: comparison of integer expressions of different signedness: 'int' and 'size_t' {aka 'long unsigned int'} [-Wsign-compare]
[INFO] [stderr] warning:   356 |       if(save_i >= state->combine_chars_size)
[INFO] [stderr] warning:       |                 ^~
[INFO] [stderr] warning: /opt/rustwide/workdir/vendor/libvterm/src/state.c: In function 'request_dec_mode':
[INFO] [stderr] warning: /opt/rustwide/workdir/vendor/libvterm/src/state.c:851:13: warning: this statement may fall through [-Wimplicit-fallthrough=]
[INFO] [stderr] warning:   851 |       reply = state->mode.bracketpaste;
[INFO] [stderr] warning:       |       ~~~~~~^~~~~~~~~~~~~~~~~~~~~~~~~~
[INFO] [stderr] warning: /opt/rustwide/workdir/vendor/libvterm/src/state.c:853:5: note: here
[INFO] [stderr] warning:   853 |     default:
[INFO] [stderr] warning:       |     ^~~~~~~
[INFO] [stderr] warning: /opt/rustwide/workdir/vendor/libvterm/src/unicode.c:308:12: warning: 'mk_wcswidth_cjk' defined but not used [-Wunused-function]
[INFO] [stderr] warning:   308 | static int mk_wcswidth_cjk(const wchar_t *pwcs, size_t n)
[INFO] [stderr] warning:       |            ^~~~~~~~~~~~~~~
[INFO] [stderr] warning: /opt/rustwide/workdir/vendor/libvterm/src/unicode.c:217:12: warning: 'mk_wcswidth' defined but not used [-Wunused-function]
[INFO] [stderr] warning:   217 | static int mk_wcswidth(const wchar_t *pwcs, size_t n)
[INFO] [stderr] warning:       |            ^~~~~~~~~~~
[INFO] [stderr] warning: /opt/rustwide/workdir/vendor/libvterm/src/vterm.c: In function 'default_malloc':
[INFO] [stderr] warning: /opt/rustwide/workdir/vendor/libvterm/src/vterm.c:12:48: warning: unused parameter 'allocdata' [-Wunused-parameter]
[INFO] [stderr] warning:    12 | static void *default_malloc(size_t size, void *allocdata)
[INFO] [stderr] warning:       |                                          ~~~~~~^~~~~~~~~
[INFO] [stderr] warning: /opt/rustwide/workdir/vendor/libvterm/src/vterm.c: In function 'default_free':
[INFO] [stderr] warning: /opt/rustwide/workdir/vendor/libvterm/src/vterm.c:20:43: warning: unused parameter 'allocdata' [-Wunused-parameter]
[INFO] [stderr] warning:    20 | static void default_free(void *ptr, void *allocdata)
[INFO] [stderr] warning:       |                                     ~~~~~~^~~~~~~~~
[INFO] [stderr] warning: /opt/rustwide/workdir/vendor/libvterm/src/vterm.c: In function 'vterm_push_output_vsprintf':
[INFO] [stderr] warning: /opt/rustwide/workdir/vendor/libvterm/src/vterm.c:140:14: warning: comparison of integer expressions of different signedness: 'int' and 'size_t' {aka 'long unsigned int'} [-Wsign-compare]
[INFO] [stderr] warning:   140 |   if(written == vt->outbuffer_len - vt->outbuffer_cur) {
[INFO] [stderr] warning:       |              ^~
[INFO] [stderr] warning: /opt/rustwide/workdir/vendor/rusty_shims.c: In function 'vterm_cell_set_chars':
[INFO] [stderr] warning: /opt/rustwide/workdir/vendor/rusty_shims.c:41:16: warning: comparison of integer expressions of different signedness: 'int' and 'size_t' {aka 'long unsigned int'} [-Wsign-compare]
[INFO] [stderr] warning:    41 |   for(i = 0; i < len && i < VTERM_MAX_CHARS_PER_CELL; i++) {
[INFO] [stderr] warning:       |                ^
[INFO] [stderr] 
[INFO] [stderr] error: could not compile `vterm-sys`
[INFO] [stderr] 
[INFO] [stderr] To learn more, run the command again with --verbose.
[INFO] running `Command { std: "docker" "inspect" "f89a6513bf8c0208fe3254fa3f3efe45ab18505f710295392afc1b8c92bf84cd", kill_on_drop: false }`
[INFO] running `Command { std: "docker" "rm" "-f" "f89a6513bf8c0208fe3254fa3f3efe45ab18505f710295392afc1b8c92bf84cd", kill_on_drop: false }`
[INFO] [stdout] f89a6513bf8c0208fe3254fa3f3efe45ab18505f710295392afc1b8c92bf84cd
